CRAN Package Check Results for Package trimmer

Last updated on 2021-04-14 16:47:44 CEST.

Flavor Version Tinstall Tcheck Ttotal Status Flags
r-devel-linux-x86_64-debian-clang 0.8.1 3.73 40.11 43.84 NOTE
r-devel-linux-x86_64-debian-gcc 0.8.1 2.90 30.76 33.66 NOTE
r-devel-linux-x86_64-fedora-clang 0.8.1 63.57 NOTE
r-devel-linux-x86_64-fedora-gcc 0.8.1 51.18 NOTE
r-devel-windows-ix86+x86_64 0.8.1 9.00 54.00 63.00 NOTE
r-devel-windows-x86_64-gcc10-UCRT 0.8.1 NOTE
r-patched-linux-x86_64 0.8.1 3.79 37.74 41.53 OK
r-patched-solaris-x86 0.8.1 81.80 OK
r-release-linux-x86_64 0.8.1 3.34 37.55 40.89 OK
r-release-macos-x86_64 0.8.1 OK
r-release-windows-ix86+x86_64 0.8.1 7.00 61.00 68.00 OK
r-oldrel-macos-x86_64 0.8.1 OK
r-oldrel-windows-ix86+x86_64 0.8.1 7.00 42.00 49.00 OK

Check Details

Version: 0.8.1
Check: LazyData
Result: NOTE
     'LazyData' is specified without a 'data' directory
Flavors: r-devel-linux-x86_64-debian-clang, r-devel-linux-x86_64-debian-gcc, r-devel-linux-x86_64-fedora-clang, r-devel-linux-x86_64-fedora-gcc, r-devel-windows-ix86+x86_64, r-devel-windows-x86_64-gcc10-UCRT