CRAN Package Check Results for Package tripack

Last updated on 2018-10-20 03:50:51 CEST.

Flavor Version Tinstall Tcheck Ttotal Status Flags
r-devel-linux-x86_64-debian-clang 1.3-8 6.26 28.38 34.64 OK
r-devel-linux-x86_64-debian-gcc 1.3-8 4.71 22.42 27.13 OK
r-devel-linux-x86_64-fedora-clang 1.3-8 40.78 NOTE
r-devel-linux-x86_64-fedora-gcc 1.3-8 39.58 NOTE
r-devel-windows-ix86+x86_64 1.3-8 30.00 49.00 79.00 OK
r-patched-linux-x86_64 1.3-8 5.51 25.94 31.45 OK
r-patched-solaris-x86 1.3-8 53.50 OK
r-release-linux-x86_64 1.3-8 5.80 26.44 32.24 OK
r-release-windows-ix86+x86_64 1.3-8 29.00 43.00 72.00 OK
r-release-osx-x86_64 1.3-8 OK
r-oldrel-windows-ix86+x86_64 1.3-8 20.00 47.00 67.00 OK
r-oldrel-osx-x86_64 1.3-8 OK

Check Details

Version: 1.3-8
Check: compiled code
Result: NOTE
    File ‘tripack/libs/tripack.so’:
     Found no call to: ‘R_useDynamicSymbols’
    
    It is good practice to register native routines and to disable symbol
    search.
    
    See ‘Writing portable packages’ in the ‘Writing R Extensions’ manual.
Flavors: r-devel-linux-x86_64-fedora-clang, r-devel-linux-x86_64-fedora-gcc