CRAN Package Check Results for Package tripack

Last updated on 2018-04-27 04:51:11 CEST.

Flavor Version Tinstall Tcheck Ttotal Status Flags
r-devel-linux-x86_64-debian-clang 1.3-8 5.85 24.61 30.46 NOTE
r-devel-linux-x86_64-debian-gcc 1.3-8 4.33 20.85 25.18 NOTE
r-devel-linux-x86_64-fedora-clang 1.3-8 40.98 NOTE
r-devel-linux-x86_64-fedora-gcc 1.3-8 38.98 NOTE
r-devel-windows-ix86+x86_64 1.3-8 29.00 43.00 72.00 OK
r-patched-linux-x86_64 1.3-8 5.08 26.46 31.54 NOTE
r-patched-solaris-x86 1.3-8 59.30 OK
r-release-linux-x86_64 1.3-8 5.56 27.05 32.61 NOTE
r-release-windows-ix86+x86_64 1.3-8 29.00 43.00 72.00 OK
r-release-osx-x86_64 1.3-8 OK
r-oldrel-windows-ix86+x86_64 1.3-8 20.00 47.00 67.00 OK
r-oldrel-osx-x86_64 1.3-8 OK

Check Details

Version: 1.3-8
Check: compiled code
Result: NOTE
    File ‘tripack/libs/tripack.so’:
     Found no call to: ‘R_useDynamicSymbols’
    
    It is good practice to register native routines and to disable symbol
    search.
    
    See ‘Writing portable packages’ in the ‘Writing R Extensions’ manual.
Flavors: r-devel-linux-x86_64-debian-clang, r-devel-linux-x86_64-debian-gcc, r-devel-linux-x86_64-fedora-clang, r-devel-linux-x86_64-fedora-gcc, r-patched-linux-x86_64, r-release-linux-x86_64