CRAN Package Check Results for Package tripack

Last updated on 2018-07-20 22:50:44 CEST.

Flavor Version Tinstall Tcheck Ttotal Status Flags
r-devel-linux-x86_64-debian-clang 1.3-8 6.12 27.17 33.29 NOTE
r-devel-linux-x86_64-debian-gcc 1.3-8 4.45 21.64 26.09 NOTE
r-devel-linux-x86_64-fedora-clang 1.3-8 39.31 NOTE
r-devel-linux-x86_64-fedora-gcc 1.3-8 41.43 NOTE
r-devel-windows-ix86+x86_64 1.3-8 28.00 50.00 78.00 OK
r-patched-linux-x86_64 1.3-8 5.97 26.59 32.56 NOTE
r-patched-solaris-x86 1.3-8 57.00 OK
r-release-linux-x86_64 1.3-8 5.55 26.31 31.86 NOTE
r-release-windows-ix86+x86_64 1.3-8 29.00 43.00 72.00 OK
r-release-osx-x86_64 1.3-8 OK
r-oldrel-windows-ix86+x86_64 1.3-8 20.00 47.00 67.00 OK
r-oldrel-osx-x86_64 1.3-8 OK

Check Details

Version: 1.3-8
Check: compiled code
Result: NOTE
    File ‘tripack/libs/tripack.so’:
     Found no call to: ‘R_useDynamicSymbols’
    
    It is good practice to register native routines and to disable symbol
    search.
    
    See ‘Writing portable packages’ in the ‘Writing R Extensions’ manual.
Flavors: r-devel-linux-x86_64-debian-clang, r-devel-linux-x86_64-debian-gcc, r-devel-linux-x86_64-fedora-clang, r-devel-linux-x86_64-fedora-gcc, r-patched-linux-x86_64, r-release-linux-x86_64