CRAN Package Check Results for Package triplot

Last updated on 2021-04-15 03:49:42 CEST.

Flavor Version Tinstall Tcheck Ttotal Status Flags
r-devel-linux-x86_64-debian-clang 1.3.0 9.61 110.22 119.83 NOTE
r-devel-linux-x86_64-debian-gcc 1.3.0 8.28 82.12 90.40 NOTE
r-devel-linux-x86_64-fedora-clang 1.3.0 146.15 NOTE
r-devel-linux-x86_64-fedora-gcc 1.3.0 138.54 NOTE
r-devel-windows-ix86+x86_64 1.3.0 25.00 116.00 141.00 NOTE
r-devel-windows-x86_64-gcc10-UCRT 1.3.0 NOTE
r-patched-linux-x86_64 1.3.0 7.58 100.36 107.94 OK
r-patched-solaris-x86 1.3.0 225.40 OK
r-release-linux-x86_64 1.3.0 7.87 101.15 109.02 OK
r-release-macos-x86_64 1.3.0 OK
r-release-windows-ix86+x86_64 1.3.0 24.00 135.00 159.00 OK
r-oldrel-macos-x86_64 1.3.0 OK
r-oldrel-windows-ix86+x86_64 1.3.0 15.00 91.00 106.00 OK

Check Details

Version: 1.3.0
Check: LazyData
Result: NOTE
     'LazyData' is specified without a 'data' directory
Flavors: r-devel-linux-x86_64-debian-clang, r-devel-linux-x86_64-debian-gcc, r-devel-linux-x86_64-fedora-clang, r-devel-linux-x86_64-fedora-gcc, r-devel-windows-ix86+x86_64, r-devel-windows-x86_64-gcc10-UCRT