CRAN Package Check Results for Package triptych

Last updated on 2024-02-25 14:48:35 CET.

Flavor Version Tinstall Tcheck Ttotal Status Flags
r-devel-linux-x86_64-debian-clang 0.1.2 17.30 111.56 128.86 OK
r-devel-linux-x86_64-debian-gcc 0.1.2 14.07 84.08 98.15 OK
r-devel-linux-x86_64-fedora-clang 0.1.2 160.72 OK
r-devel-linux-x86_64-fedora-gcc 0.1.2 148.78 OK
r-devel-windows-x86_64 0.1.2 17.00 115.00 132.00 OK
r-patched-linux-x86_64 0.1.2 16.54 106.20 122.74 OK
r-release-linux-x86_64 0.1.2 13.61 105.96 119.57 OK
r-release-macos-arm64 0.1.2 11.00 ERROR
r-release-macos-x86_64 0.1.2 11.00 ERROR
r-release-windows-x86_64 0.1.2 22.00 137.00 159.00 OK
r-oldrel-macos-arm64 0.1.2 11.00 ERROR
r-oldrel-windows-x86_64 0.1.2 24.00 138.00 162.00 OK

Check Details

Version: 0.1.2
Check: whether package can be installed
Result: ERROR Installation failed. Flavors: r-release-macos-arm64, r-release-macos-x86_64, r-oldrel-macos-arm64