CRAN Package Check Results for Package troopdata

Last updated on 2022-01-28 11:52:33 CET.

Flavor Version Tinstall Tcheck Ttotal Status Flags
r-devel-linux-x86_64-debian-clang 0.1.4 2.50 38.54 41.04 OK
r-devel-linux-x86_64-debian-gcc 0.1.4 2.13 29.94 32.07 OK
r-devel-linux-x86_64-fedora-clang 0.1.4 46.11 NOTE
r-devel-linux-x86_64-fedora-gcc 0.1.4 34.14 NOTE
r-devel-windows-x86_64-new-UL 0.1.4 32.00 71.00 103.00 OK
r-devel-windows-x86_64-new-TK 0.1.4 NOTE
r-patched-linux-x86_64 0.1.4 1.80 33.26 35.06 OK
r-release-linux-x86_64 0.1.4 1.65 32.45 34.10 OK
r-release-macos-arm64 0.1.4 NOTE
r-release-macos-x86_64 0.1.4 NOTE
r-release-windows-ix86+x86_64 0.1.4 6.00 43.00 49.00 OK
r-oldrel-macos-x86_64 0.1.4 NOTE
r-oldrel-windows-ix86+x86_64 0.1.4 6.00 43.00 49.00 OK

Check Details

Version: 0.1.4
Check: dependencies in R code
Result: NOTE
    Namespace in Imports field not imported from: ‘tibble’
     All declared Imports should be used.
Flavors: r-devel-linux-x86_64-fedora-clang, r-devel-linux-x86_64-fedora-gcc, r-devel-windows-x86_64-new-TK, r-release-macos-arm64, r-release-macos-x86_64, r-oldrel-macos-x86_64

Version: 0.1.4
Check: data for non-ASCII characters
Result: NOTE
     Note: found 118 marked UTF-8 strings
Flavors: r-devel-linux-x86_64-fedora-clang, r-devel-linux-x86_64-fedora-gcc, r-devel-windows-x86_64-new-TK, r-release-macos-arm64, r-release-macos-x86_64, r-oldrel-macos-x86_64