CRAN Package Check Results for Package truelies

Last updated on 2022-05-28 14:53:54 CEST.

Flavor Version Tinstall Tcheck Ttotal Status Flags
r-devel-linux-x86_64-debian-clang 0.2.0 2.58 35.27 37.85 NOTE
r-devel-linux-x86_64-debian-gcc 0.2.0 1.77 27.90 29.67 NOTE
r-devel-linux-x86_64-fedora-clang 0.2.0 45.60 NOTE
r-devel-linux-x86_64-fedora-gcc 0.2.0 35.04 NOTE
r-devel-windows-x86_64 0.2.0 17.00 51.00 68.00 NOTE
r-patched-linux-x86_64 0.2.0 2.27 34.04 36.31 NOTE
r-release-linux-x86_64 0.2.0 1.81 34.69 36.50 NOTE
r-release-macos-arm64 0.2.0 17.00 NOTE
r-release-macos-x86_64 0.2.0 27.00 NOTE
r-release-windows-x86_64 0.2.0 16.00 53.00 69.00 NOTE
r-oldrel-macos-arm64 0.2.0 20.00 NOTE
r-oldrel-macos-x86_64 0.2.0 29.00 NOTE
r-oldrel-windows-ix86+x86_64 0.2.0 7.00 45.00 52.00 NOTE

Check Details

Version: 0.2.0
Check: LazyData
Result: NOTE
     'LazyData' is specified without a 'data' directory
Flavors: r-devel-linux-x86_64-debian-clang, r-devel-linux-x86_64-debian-gcc, r-devel-linux-x86_64-fedora-clang, r-devel-linux-x86_64-fedora-gcc, r-devel-windows-x86_64, r-patched-linux-x86_64, r-release-linux-x86_64, r-release-macos-arm64, r-release-macos-x86_64, r-release-windows-x86_64, r-oldrel-macos-arm64, r-oldrel-macos-x86_64, r-oldrel-windows-ix86+x86_64