CRAN Package Check Results for Package truncSP

Last updated on 2023-02-02 20:53:50 CET.

Flavor Version Tinstall Tcheck Ttotal Status Flags
r-devel-linux-x86_64-debian-clang 1.2.2 4.66 47.95 52.61 NOTE
r-devel-linux-x86_64-debian-gcc 1.2.2 3.95 36.47 40.42 NOTE
r-devel-linux-x86_64-fedora-clang 1.2.2 65.94 NOTE
r-devel-linux-x86_64-fedora-gcc 1.2.2 65.91 NOTE
r-patched-linux-x86_64 1.2.2 5.09 47.38 52.47 NOTE
r-release-linux-x86_64 1.2.2 4.89 45.34 50.23 NOTE
r-release-macos-arm64 1.2.2 24.00 NOTE
r-release-macos-x86_64 1.2.2 32.00 NOTE
r-release-windows-x86_64 1.2.2 8.00 87.00 95.00 NOTE
r-oldrel-macos-arm64 1.2.2 29.00 NOTE
r-oldrel-macos-x86_64 1.2.2 41.00 NOTE
r-oldrel-windows-ix86+x86_64 1.2.2 10.00 74.00 84.00 NOTE

Check Details

Version: 1.2.2
Check: DESCRIPTION meta-information
Result: NOTE
    Malformed Description field: should contain one or more complete sentences.
Flavors: r-devel-linux-x86_64-debian-clang, r-devel-linux-x86_64-debian-gcc, r-devel-linux-x86_64-fedora-clang, r-devel-linux-x86_64-fedora-gcc, r-patched-linux-x86_64, r-release-linux-x86_64, r-release-macos-arm64, r-release-macos-x86_64, r-release-windows-x86_64, r-oldrel-macos-arm64, r-oldrel-macos-x86_64, r-oldrel-windows-ix86+x86_64