CRAN Package Check Results for Package tsDyn

Last updated on 2018-12-17 15:50:05 CET.

Flavor Version Tinstall Tcheck Ttotal Status Flags
r-devel-linux-x86_64-debian-clang 0.9-48 17.22 4.22 21.44 ERROR
r-devel-linux-x86_64-debian-gcc 0.9-48 13.16 2.66 15.82 ERROR
r-devel-linux-x86_64-fedora-clang 0.9-48 339.49 OK
r-devel-linux-x86_64-fedora-gcc 0.9-48 314.09 OK
r-devel-windows-ix86+x86_64 0.9-48 45.00 524.00 569.00 OK
r-patched-linux-x86_64 0.9-48 17.02 3.78 20.80 ERROR
r-patched-solaris-x86 0.9-48 455.80 OK
r-release-linux-x86_64 0.9-48 15.12 245.39 260.51 OK
r-release-windows-ix86+x86_64 0.9-48 51.00 360.00 411.00 OK
r-release-osx-x86_64 0.9-48 OK
r-oldrel-windows-ix86+x86_64 0.9-48 38.00 574.00 612.00 OK
r-oldrel-osx-x86_64 0.9-48 OK

Check Details

Version: 0.9-48
Check: whether the package can be loaded
Result: ERROR
    Loading this package had a fatal error status code 1
    Loading log:
    Error: package or namespace load failed for ‘tsDyn’ in dyn.load(file, DLLpath = DLLpath, ...):
     unable to load shared object ‘/home/hornik/tmp/R.check/r-devel-clang/Work/build/Packages/tseriesChaos/libs/tseriesChaos.so’:
     /home/hornik/tmp/R.check/r-devel-clang/Work/build/Packages/tseriesChaos/libs/tseriesChaos.so: failed to map segment from shared object
    Execution halted
Flavor: r-devel-linux-x86_64-debian-clang

Version: 0.9-48
Check: whether the package can be loaded
Result: ERROR
    Loading this package had a fatal error status code 1
    Loading log:
    Error: package or namespace load failed for ‘tsDyn’ in dyn.load(file, DLLpath = DLLpath, ...):
     unable to load shared object ‘/home/hornik/tmp/R.check/r-devel-gcc/Work/build/Packages/tseriesChaos/libs/tseriesChaos.so’:
     /home/hornik/tmp/R.check/r-devel-gcc/Work/build/Packages/tseriesChaos/libs/tseriesChaos.so: failed to map segment from shared object
    Execution halted
Flavor: r-devel-linux-x86_64-debian-gcc

Version: 0.9-48
Check: whether the package can be loaded
Result: ERROR
    Loading this package had a fatal error status code 1
    Loading log:
    Error: package or namespace load failed for ‘tsDyn’ in dyn.load(file, DLLpath = DLLpath, ...):
     unable to load shared object ‘/home/hornik/tmp/R.check/r-patched-gcc/Work/build/Packages/tseriesChaos/libs/tseriesChaos.so’:
     /home/hornik/tmp/R.check/r-patched-gcc/Work/build/Packages/tseriesChaos/libs/tseriesChaos.so: failed to map segment from shared object
    Execution halted
Flavor: r-patched-linux-x86_64