CRAN Package Check Results for Package tsbox

Last updated on 2024-02-22 23:51:42 CET.

Flavor Version Tinstall Tcheck Ttotal Status Flags
r-devel-linux-x86_64-debian-clang 0.4.1 NOTE
r-devel-linux-x86_64-debian-gcc 0.4.1 4.91 144.32 149.23 OK
r-devel-linux-x86_64-fedora-clang 0.4.1 240.79 OK
r-devel-linux-x86_64-fedora-gcc 0.4.1 200.25 OK
r-devel-windows-x86_64 0.4.1 7.00 109.00 116.00 OK
r-patched-linux-x86_64 0.4.1 8.30 176.06 184.36 OK
r-release-linux-x86_64 0.4.1 7.29 172.50 179.79 OK
r-release-macos-arm64 0.4.1 52.00 OK
r-release-macos-x86_64 0.4.1 158.00 OK
r-release-windows-x86_64 0.4.1 7.00 136.00 143.00 OK
r-oldrel-macos-arm64 0.4.1 46.00 OK
r-oldrel-windows-x86_64 0.4.1 9.00 128.00 137.00 OK

Check Details

Version: 0.4.1
Check: dependencies in R code
Result: NOTE Fortran STOP IEEE arithmetic exceptions signaled: INEXACT Flavor: r-devel-linux-x86_64-debian-clang