CRAN Package Check Results for Package tseries

Last updated on 2024-02-22 20:50:20 CET.

Flavor Version Tinstall Tcheck Ttotal Status Flags
r-devel-linux-x86_64-debian-clang 0.10-55 OK
r-devel-linux-x86_64-debian-gcc 0.10-55 8.38 43.74 52.12 OK
r-devel-linux-x86_64-fedora-clang 0.10-55 84.04 NOTE
r-devel-linux-x86_64-fedora-gcc 0.10-55 79.98 NOTE
r-devel-windows-x86_64 0.10-55 14.00 78.00 92.00 OK
r-patched-linux-x86_64 0.10-55 13.00 56.30 69.30 OK
r-release-linux-x86_64 0.10-55 9.06 55.44 64.50 OK
r-release-macos-arm64 0.10-55 41.00 OK
r-release-macos-x86_64 0.10-55 67.00 OK
r-release-windows-x86_64 0.10-55 17.00 83.00 100.00 OK
r-oldrel-macos-arm64 0.10-55 42.00 OK
r-oldrel-windows-x86_64 0.10-55 15.00 85.00 100.00 OK

Check Details

Version: 0.10-55
Check: dependencies in R code
Result: NOTE Namespace in Imports field not imported from: ‘jsonlite’ All declared Imports should be used. Flavors: r-devel-linux-x86_64-fedora-clang, r-devel-linux-x86_64-fedora-gcc