Last updated on 2021-04-14 16:47:44 CEST.
Flavor | Version | Tinstall | Tcheck | Ttotal | Status | Flags |
---|---|---|---|---|---|---|
r-devel-linux-x86_64-debian-clang | 0.6-8 | 7.63 | 87.77 | 95.40 | OK | |
r-devel-linux-x86_64-debian-gcc | 0.6-8 | 6.58 | 65.23 | 71.81 | OK | |
r-devel-linux-x86_64-fedora-clang | 0.6-8 | 122.00 | NOTE | |||
r-devel-linux-x86_64-fedora-gcc | 0.6-8 | 110.87 | OK | |||
r-devel-windows-ix86+x86_64 | 0.6-8 | 22.00 | 101.00 | 123.00 | OK | |
r-devel-windows-x86_64-gcc10-UCRT | 0.6-8 | OK | ||||
r-patched-linux-x86_64 | 0.6-8 | 6.88 | 81.97 | 88.85 | OK | |
r-patched-solaris-x86 | 0.6-8 | 163.80 | OK | |||
r-release-linux-x86_64 | 0.6-8 | 7.19 | 81.37 | 88.56 | OK | |
r-release-macos-x86_64 | 0.6-8 | OK | ||||
r-release-windows-ix86+x86_64 | 0.6-8 | 28.00 | 118.00 | 146.00 | OK | |
r-oldrel-macos-x86_64 | 0.6-8 | OK | ||||
r-oldrel-windows-ix86+x86_64 | 0.6-8 | 11.00 | 76.00 | 87.00 | OK |
Version: 0.6-8
Check: Rd cross-references
Result: NOTE
Undeclared package ‘tseries’ in Rd xrefs
Flavor: r-devel-linux-x86_64-fedora-clang