CRAN Package Check Results for Package tspmeta

Last updated on 2018-11-17 12:51:44 CET.

Flavor Version Tinstall Tcheck Ttotal Status Flags
r-devel-linux-x86_64-debian-clang 1.2 9.77 102.89 112.66 OK
r-devel-linux-x86_64-debian-gcc 1.2 7.80 81.90 89.70 OK
r-devel-linux-x86_64-fedora-clang 1.2 158.06 NOTE
r-devel-linux-x86_64-fedora-gcc 1.2 126.01 NOTE
r-devel-windows-ix86+x86_64 1.2 27.00 248.00 275.00 OK
r-patched-linux-x86_64 1.2 7.59 98.50 106.09 OK
r-patched-solaris-x86 1.2 212.50 OK
r-release-linux-x86_64 1.2 8.85 98.58 107.43 OK
r-release-windows-ix86+x86_64 1.2 34.00 230.00 264.00 OK
r-release-osx-x86_64 1.2 OK
r-oldrel-windows-ix86+x86_64 1.2 27.00 210.00 237.00 OK
r-oldrel-osx-x86_64 1.2 OK

Check Details

Version: 1.2
Check: compiled code
Result: NOTE
    File ‘tspmeta/libs/tspmeta.so’:
     Found no calls to: ‘R_registerRoutines’, ‘R_useDynamicSymbols’
    
    It is good practice to register native routines and to disable symbol
    search.
    
    See ‘Writing portable packages’ in the ‘Writing R Extensions’ manual.
Flavors: r-devel-linux-x86_64-fedora-clang, r-devel-linux-x86_64-fedora-gcc