CRAN Package Check Results for Package tspmeta

Last updated on 2018-05-22 07:50:38 CEST.

Flavor Version Tinstall Tcheck Ttotal Status Flags
r-devel-linux-x86_64-debian-clang 1.2 9.68 103.60 113.28 NOTE
r-devel-linux-x86_64-debian-gcc 1.2 8.53 88.72 97.25 NOTE
r-devel-linux-x86_64-fedora-clang 1.2 151.77 NOTE
r-devel-linux-x86_64-fedora-gcc 1.2 147.27 NOTE
r-devel-windows-ix86+x86_64 1.2 19.00 219.00 238.00 OK
r-patched-linux-x86_64 1.2 8.88 95.05 103.93 NOTE
r-patched-solaris-x86 1.2 201.60 OK
r-release-linux-x86_64 1.2 8.80 93.13 101.93 NOTE
r-release-windows-ix86+x86_64 1.2 32.00 174.00 206.00 OK
r-release-osx-x86_64 1.2 OK
r-oldrel-windows-ix86+x86_64 1.2 34.00 127.00 161.00 OK
r-oldrel-osx-x86_64 1.2 OK

Check Details

Version: 1.2
Check: compiled code
Result: NOTE
    File ‘tspmeta/libs/tspmeta.so’:
     Found no calls to: ‘R_registerRoutines’, ‘R_useDynamicSymbols’
    
    It is good practice to register native routines and to disable symbol
    search.
    
    See ‘Writing portable packages’ in the ‘Writing R Extensions’ manual.
Flavors: r-devel-linux-x86_64-debian-clang, r-devel-linux-x86_64-debian-gcc, r-devel-linux-x86_64-fedora-clang, r-devel-linux-x86_64-fedora-gcc, r-patched-linux-x86_64, r-release-linux-x86_64