CRAN Package Check Results for Package tspmeta

Last updated on 2018-08-21 06:50:30 CEST.

Flavor Version Tinstall Tcheck Ttotal Status Flags
r-devel-linux-x86_64-debian-clang 1.2 10.19 121.19 131.38 NOTE
r-devel-linux-x86_64-debian-gcc 1.2 10.06 95.62 105.68 NOTE
r-devel-linux-x86_64-fedora-clang 1.2 153.72 NOTE
r-devel-linux-x86_64-fedora-gcc 1.2 157.96 NOTE
r-devel-windows-ix86+x86_64 1.2 29.00 240.00 269.00 OK
r-patched-linux-x86_64 1.2 8.87 96.72 105.59 NOTE
r-patched-solaris-x86 1.2 212.90 OK
r-release-linux-x86_64 1.2 8.66 97.59 106.25 NOTE
r-release-windows-ix86+x86_64 1.2 26.00 146.00 172.00 OK
r-release-osx-x86_64 1.2 OK
r-oldrel-windows-ix86+x86_64 1.2 24.00 197.00 221.00 OK
r-oldrel-osx-x86_64 1.2 OK

Check Details

Version: 1.2
Check: compiled code
Result: NOTE
    File ‘tspmeta/libs/tspmeta.so’:
     Found no calls to: ‘R_registerRoutines’, ‘R_useDynamicSymbols’
    
    It is good practice to register native routines and to disable symbol
    search.
    
    See ‘Writing portable packages’ in the ‘Writing R Extensions’ manual.
Flavors: r-devel-linux-x86_64-debian-clang, r-devel-linux-x86_64-debian-gcc, r-devel-linux-x86_64-fedora-clang, r-devel-linux-x86_64-fedora-gcc, r-patched-linux-x86_64, r-release-linux-x86_64