CRAN Package Check Results for Package tsutils

Last updated on 2021-04-14 16:47:44 CEST.

Flavor Version Tinstall Tcheck Ttotal Status Flags
r-devel-linux-x86_64-debian-clang 0.9.2 14.15 123.57 137.72 OK
r-devel-linux-x86_64-debian-gcc 0.9.2 13.57 93.87 107.44 OK
r-devel-linux-x86_64-fedora-clang 0.9.2 169.68 NOTE
r-devel-linux-x86_64-fedora-gcc 0.9.2 159.33 OK
r-devel-windows-ix86+x86_64 0.9.2 37.00 125.00 162.00 OK
r-devel-windows-x86_64-gcc10-UCRT 0.9.2 OK
r-patched-linux-x86_64 0.9.2 14.38 112.42 126.80 OK
r-patched-solaris-x86 0.9.2 240.90 OK
r-release-linux-x86_64 0.9.2 15.26 112.34 127.60 OK
r-release-macos-x86_64 0.9.2 OK
r-release-windows-ix86+x86_64 0.9.2 36.00 149.00 185.00 OK
r-oldrel-macos-x86_64 0.9.2 OK
r-oldrel-windows-ix86+x86_64 0.9.2 22.00 102.00 124.00 OK

Check Details

Version: 0.9.2
Check: Rd cross-references
Result: NOTE
    Undeclared package ‘glmnet’ in Rd xrefs
Flavor: r-devel-linux-x86_64-fedora-clang