CRAN Package Check Results for Package tubern

Last updated on 2022-08-10 17:50:20 CEST.

Flavor Version Tinstall Tcheck Ttotal Status Flags
r-devel-linux-x86_64-debian-clang 0.1.0 1.96 30.65 32.61 NOTE
r-devel-linux-x86_64-debian-gcc 0.1.0 1.90 24.26 26.16 NOTE
r-devel-linux-x86_64-fedora-clang 0.1.0 50.52 NOTE
r-devel-linux-x86_64-fedora-gcc 0.1.0 52.50 NOTE
r-devel-windows-x86_64 0.1.0 15.00 65.00 80.00 NOTE
r-patched-linux-x86_64 0.1.0 5.75 30.04 35.79 NOTE
r-release-linux-x86_64 0.1.0 NOTE
r-release-macos-arm64 0.1.0 20.00 NOTE
r-release-macos-x86_64 0.1.0 28.00 NOTE
r-release-windows-x86_64 0.1.0 12.00 66.00 78.00 NOTE
r-oldrel-macos-arm64 0.1.0 24.00 NOTE
r-oldrel-macos-x86_64 0.1.0 34.00 NOTE
r-oldrel-windows-ix86+x86_64 0.1.0 6.00 53.00 59.00 NOTE

Check Details

Version: 0.1.0
Check: LazyData
Result: NOTE
     'LazyData' is specified without a 'data' directory
Flavors: r-devel-linux-x86_64-debian-clang, r-devel-linux-x86_64-debian-gcc, r-devel-linux-x86_64-fedora-clang, r-devel-linux-x86_64-fedora-gcc, r-devel-windows-x86_64, r-patched-linux-x86_64, r-release-linux-x86_64, r-release-macos-arm64, r-release-macos-x86_64, r-release-windows-x86_64, r-oldrel-macos-arm64, r-oldrel-macos-x86_64, r-oldrel-windows-ix86+x86_64