CRAN Package Check Results for Package tufte

Last updated on 2021-05-09 20:47:52 CEST.

Flavor Version Tinstall Tcheck Ttotal Status Flags
r-devel-linux-x86_64-debian-clang 0.9 2.52 27.67 30.19 NOTE
r-devel-linux-x86_64-debian-gcc 0.9 1.90 21.93 23.83 NOTE
r-devel-linux-x86_64-fedora-clang 0.9 45.39 NOTE
r-devel-linux-x86_64-fedora-gcc 0.9 35.38 NOTE
r-devel-windows-ix86+x86_64 0.9 6.00 7.00 13.00 ERROR
r-devel-windows-x86_64-gcc10-UCRT 0.9 NOTE
r-patched-linux-x86_64 0.9 4.85 26.62 31.47 NOTE
r-patched-solaris-x86 0.9 54.80 NOTE
r-release-linux-x86_64 0.9 2.48 26.57 29.05 OK
r-release-macos-x86_64 0.9 OK
r-release-windows-ix86+x86_64 0.9 5.00 35.00 40.00 OK
r-oldrel-macos-x86_64 0.9 OK
r-oldrel-windows-ix86+x86_64 0.9 5.00 40.00 45.00 OK

Check Details

Version: 0.9
Check: LazyData
Result: NOTE
     'LazyData' is specified without a 'data' directory
Flavors: r-devel-linux-x86_64-debian-clang, r-devel-linux-x86_64-debian-gcc, r-devel-linux-x86_64-fedora-clang, r-devel-linux-x86_64-fedora-gcc, r-devel-windows-x86_64-gcc10-UCRT, r-patched-linux-x86_64, r-patched-solaris-x86

Version: 0.9
Check: whether package can be installed
Result: ERROR
    Installation failed.
Flavor: r-devel-windows-ix86+x86_64