CRAN Package Check Results for Package tufterhandout

Last updated on 2018-05-24 12:47:59 CEST.

Flavor Version Tinstall Tcheck Ttotal Status Flags
r-devel-linux-x86_64-debian-clang 1.2.1 1.07 27.26 28.33 NOTE
r-devel-linux-x86_64-debian-gcc 1.2.1 1.21 23.20 24.41 NOTE
r-devel-linux-x86_64-fedora-clang 1.2.1 36.98 NOTE
r-devel-linux-x86_64-fedora-gcc 1.2.1 35.33 NOTE
r-devel-windows-ix86+x86_64 1.2.1 3.00 39.00 42.00 NOTE
r-patched-linux-x86_64 1.2.1 1.56 26.79 28.35 NOTE
r-patched-solaris-x86 1.2.1 60.90 NOTE
r-release-linux-x86_64 1.2.1 0.96 26.80 27.76 NOTE
r-release-windows-ix86+x86_64 1.2.1 5.00 59.00 64.00 NOTE
r-release-osx-x86_64 1.2.1 NOTE
r-oldrel-windows-ix86+x86_64 1.2.1 9.00 47.00 56.00 NOTE
r-oldrel-osx-x86_64 1.2.1 NOTE

Check Details

Version: 1.2.1
Check: DESCRIPTION meta-information
Result: NOTE
    Malformed Description field: should contain one or more complete sentences.
Flavors: r-devel-linux-x86_64-debian-clang, r-devel-linux-x86_64-debian-gcc, r-devel-linux-x86_64-fedora-clang, r-devel-linux-x86_64-fedora-gcc, r-devel-windows-ix86+x86_64, r-patched-linux-x86_64, r-patched-solaris-x86, r-release-linux-x86_64, r-release-windows-ix86+x86_64, r-release-osx-x86_64, r-oldrel-windows-ix86+x86_64, r-oldrel-osx-x86_64