CRAN Package Check Results for Package tufterhandout

Last updated on 2018-02-23 14:49:50 CET.

Flavor Version Tinstall Tcheck Ttotal Status Flags
r-devel-linux-x86_64-debian-clang 1.2.1 1.37 27.05 28.42 NOTE
r-devel-linux-x86_64-debian-gcc 1.2.1 1.15 21.77 22.92 NOTE
r-devel-linux-x86_64-fedora-clang 1.2.1 34.61 NOTE
r-devel-linux-x86_64-fedora-gcc 1.2.1 33.29 NOTE
r-devel-windows-ix86+x86_64 1.2.1 7.00 57.00 64.00 NOTE
r-patched-linux-x86_64 1.2.1 1.30 30.79 32.09 NOTE
r-patched-solaris-x86 1.2.1 55.90 NOTE
r-release-linux-x86_64 1.2.1 1.45 30.56 32.01 NOTE
r-release-windows-ix86+x86_64 1.2.1 6.00 66.00 72.00 NOTE
r-release-osx-x86_64 1.2.1 NOTE
r-oldrel-windows-ix86+x86_64 1.2.1 4.00 38.00 42.00 NOTE
r-oldrel-osx-x86_64 1.2.1 NOTE

Check Details

Version: 1.2.1
Check: DESCRIPTION meta-information
Result: NOTE
    Malformed Description field: should contain one or more complete sentences.
Flavors: r-devel-linux-x86_64-debian-clang, r-devel-linux-x86_64-debian-gcc, r-devel-linux-x86_64-fedora-clang, r-devel-linux-x86_64-fedora-gcc, r-devel-windows-ix86+x86_64, r-patched-linux-x86_64, r-patched-solaris-x86, r-release-linux-x86_64, r-release-windows-ix86+x86_64, r-release-osx-x86_64, r-oldrel-windows-ix86+x86_64, r-oldrel-osx-x86_64