CRAN Package Check Results for Package tufterhandout

Last updated on 2018-08-20 15:52:00 CEST.

Flavor Version Tinstall Tcheck Ttotal Status Flags
r-devel-linux-x86_64-debian-clang 1.2.1 1.60 30.17 31.77 NOTE
r-devel-linux-x86_64-debian-gcc 1.2.1 1.30 24.43 25.73 NOTE
r-devel-linux-x86_64-fedora-clang 1.2.1 37.95 NOTE
r-devel-linux-x86_64-fedora-gcc 1.2.1 38.34 NOTE
r-devel-windows-ix86+x86_64 1.2.1 7.00 87.00 94.00 NOTE
r-patched-linux-x86_64 1.2.1 1.42 27.22 28.64 NOTE
r-patched-solaris-x86 1.2.1 63.50 NOTE
r-release-linux-x86_64 1.2.1 1.18 27.44 28.62 NOTE
r-release-windows-ix86+x86_64 1.2.1 6.00 43.00 49.00 NOTE
r-release-osx-x86_64 1.2.1 NOTE
r-oldrel-windows-ix86+x86_64 1.2.1 5.00 65.00 70.00 NOTE
r-oldrel-osx-x86_64 1.2.1 NOTE

Check Details

Version: 1.2.1
Check: DESCRIPTION meta-information
Result: NOTE
    Malformed Description field: should contain one or more complete sentences.
Flavors: r-devel-linux-x86_64-debian-clang, r-devel-linux-x86_64-debian-gcc, r-devel-linux-x86_64-fedora-clang, r-devel-linux-x86_64-fedora-gcc, r-devel-windows-ix86+x86_64, r-patched-linux-x86_64, r-patched-solaris-x86, r-release-linux-x86_64, r-release-windows-ix86+x86_64, r-release-osx-x86_64, r-oldrel-windows-ix86+x86_64, r-oldrel-osx-x86_64