CRAN Package Check Results for Package tufterhandout

Last updated on 2018-11-18 11:51:10 CET.

Flavor Version Tinstall Tcheck Ttotal Status Flags
r-devel-linux-x86_64-debian-clang 1.2.1 1.49 28.02 29.51 NOTE
r-devel-linux-x86_64-debian-gcc 1.2.1 1.13 23.18 24.31 NOTE
r-devel-linux-x86_64-fedora-clang 1.2.1 35.17 NOTE
r-devel-linux-x86_64-fedora-gcc 1.2.1 34.23 NOTE
r-devel-windows-ix86+x86_64 1.2.1 5.00 43.00 48.00 NOTE
r-patched-linux-x86_64 1.2.1 1.47 26.68 28.15 NOTE
r-patched-solaris-x86 1.2.1 58.60 NOTE
r-release-linux-x86_64 1.2.1 1.26 26.72 27.98 NOTE
r-release-windows-ix86+x86_64 1.2.1 6.00 70.00 76.00 NOTE
r-release-osx-x86_64 1.2.1 NOTE
r-oldrel-windows-ix86+x86_64 1.2.1 5.00 64.00 69.00 NOTE
r-oldrel-osx-x86_64 1.2.1 NOTE

Check Details

Version: 1.2.1
Check: DESCRIPTION meta-information
Result: NOTE
    Malformed Description field: should contain one or more complete sentences.
Flavors: r-devel-linux-x86_64-debian-clang, r-devel-linux-x86_64-debian-gcc, r-devel-linux-x86_64-fedora-clang, r-devel-linux-x86_64-fedora-gcc, r-devel-windows-ix86+x86_64, r-patched-linux-x86_64, r-patched-solaris-x86, r-release-linux-x86_64, r-release-windows-ix86+x86_64, r-release-osx-x86_64, r-oldrel-windows-ix86+x86_64, r-oldrel-osx-x86_64