CRAN Package Check Results for Package tufterhandout

Last updated on 2019-02-16 18:46:42 CET.

Flavor Version Tinstall Tcheck Ttotal Status Flags
r-devel-linux-x86_64-debian-clang 1.2.1 1.55 28.45 30.00 NOTE
r-devel-linux-x86_64-debian-gcc 1.2.1 1.41 22.91 24.32 NOTE
r-devel-linux-x86_64-fedora-clang 1.2.1 37.53 NOTE
r-devel-linux-x86_64-fedora-gcc 1.2.1 35.61 NOTE
r-devel-windows-ix86+x86_64 1.2.1 13.00 46.00 59.00 NOTE
r-patched-linux-x86_64 1.2.1 1.37 26.69 28.06 NOTE
r-patched-solaris-x86 1.2.1 55.50 NOTE
r-release-linux-x86_64 1.2.1 NOTE
r-release-windows-ix86+x86_64 1.2.1 4.00 57.00 61.00 NOTE
r-release-osx-x86_64 1.2.1 NOTE
r-oldrel-windows-ix86+x86_64 1.2.1 5.00 63.00 68.00 NOTE
r-oldrel-osx-x86_64 1.2.1 NOTE

Check Details

Version: 1.2.1
Check: DESCRIPTION meta-information
Result: NOTE
    Malformed Description field: should contain one or more complete sentences.
Flavors: r-devel-linux-x86_64-debian-clang, r-devel-linux-x86_64-debian-gcc, r-devel-linux-x86_64-fedora-clang, r-devel-linux-x86_64-fedora-gcc, r-devel-windows-ix86+x86_64, r-patched-linux-x86_64, r-patched-solaris-x86, r-release-linux-x86_64, r-release-windows-ix86+x86_64, r-release-osx-x86_64, r-oldrel-windows-ix86+x86_64, r-oldrel-osx-x86_64