CRAN Package Check Results for Package tumblR

Last updated on 2018-11-13 01:46:42 CET.

Flavor Version Tinstall Tcheck Ttotal Status Flags
r-devel-linux-x86_64-debian-clang 1.1 2.38 32.80 35.18 NOTE
r-devel-linux-x86_64-debian-gcc 1.1 2.21 26.52 28.73 NOTE
r-devel-linux-x86_64-fedora-clang 1.1 41.66 NOTE
r-devel-linux-x86_64-fedora-gcc 1.1 40.17 NOTE
r-devel-windows-ix86+x86_64 1.1 5.00 68.00 73.00 NOTE
r-patched-linux-x86_64 1.1 2.14 28.88 31.02 NOTE
r-patched-solaris-x86 1.1 65.50 NOTE
r-release-linux-x86_64 1.1 2.42 28.70 31.12 NOTE
r-release-windows-ix86+x86_64 1.1 10.00 39.00 49.00 NOTE
r-release-osx-x86_64 1.1 NOTE
r-oldrel-windows-ix86+x86_64 1.1 9.00 41.00 50.00 NOTE
r-oldrel-osx-x86_64 1.1 NOTE

Check Details

Version: 1.1
Check: R code for possible problems
Result: NOTE
    http.connection: no visible global function definition for ‘setNames’
    Undefined global functions or variables:
     setNames
    Consider adding
     importFrom("stats", "setNames")
    to your NAMESPACE file.
Flavors: r-devel-linux-x86_64-debian-clang, r-devel-linux-x86_64-debian-gcc, r-devel-linux-x86_64-fedora-clang, r-devel-linux-x86_64-fedora-gcc, r-devel-windows-ix86+x86_64, r-patched-linux-x86_64, r-patched-solaris-x86, r-release-linux-x86_64, r-release-windows-ix86+x86_64, r-release-osx-x86_64, r-oldrel-windows-ix86+x86_64, r-oldrel-osx-x86_64