CRAN Package Check Results for Package tumblR

Last updated on 2018-02-20 01:47:51 CET.

Flavor Version Tinstall Tcheck Ttotal Status Flags
r-devel-linux-x86_64-debian-clang 1.1 2.27 25.74 28.01 NOTE
r-devel-linux-x86_64-debian-gcc 1.1 2.12 22.72 24.84 NOTE
r-devel-linux-x86_64-fedora-clang 1.1 36.77 NOTE
r-devel-linux-x86_64-fedora-gcc 1.1 36.50 NOTE
r-devel-windows-ix86+x86_64 1.1 5.00 42.00 47.00 NOTE
r-patched-linux-x86_64 1.1 1.60 28.14 29.74 NOTE
r-patched-solaris-x86 1.1 54.10 NOTE
r-release-linux-x86_64 1.1 1.71 27.91 29.62 NOTE
r-release-windows-ix86+x86_64 1.1 5.00 56.00 61.00 NOTE
r-release-osx-x86_64 1.1 NOTE
r-oldrel-windows-ix86+x86_64 1.1 8.00 56.00 64.00 NOTE
r-oldrel-osx-x86_64 1.1 NOTE

Check Details

Version: 1.1
Check: R code for possible problems
Result: NOTE
    http.connection: no visible global function definition for ‘setNames’
    Undefined global functions or variables:
     setNames
    Consider adding
     importFrom("stats", "setNames")
    to your NAMESPACE file.
Flavors: r-devel-linux-x86_64-debian-clang, r-devel-linux-x86_64-debian-gcc, r-devel-linux-x86_64-fedora-clang, r-devel-linux-x86_64-fedora-gcc, r-devel-windows-ix86+x86_64, r-patched-linux-x86_64, r-patched-solaris-x86, r-release-linux-x86_64, r-release-windows-ix86+x86_64, r-release-osx-x86_64, r-oldrel-windows-ix86+x86_64, r-oldrel-osx-x86_64