CRAN Package Check Results for Package tumblR

Last updated on 2018-08-20 11:49:04 CEST.

Flavor Version Tinstall Tcheck Ttotal Status Flags
r-devel-linux-x86_64-debian-clang 1.1 2.41 31.75 34.16 NOTE
r-devel-linux-x86_64-debian-gcc 1.1 2.10 25.57 27.67 NOTE
r-devel-linux-x86_64-fedora-clang 1.1 40.33 NOTE
r-devel-linux-x86_64-fedora-gcc 1.1 40.27 NOTE
r-devel-windows-ix86+x86_64 1.1 7.00 60.00 67.00 NOTE
r-patched-linux-x86_64 1.1 2.53 28.85 31.38 NOTE
r-patched-solaris-x86 1.1 66.90 NOTE
r-release-linux-x86_64 1.1 2.30 28.59 30.89 NOTE
r-release-windows-ix86+x86_64 1.1 8.00 43.00 51.00 NOTE
r-release-osx-x86_64 1.1 NOTE
r-oldrel-windows-ix86+x86_64 1.1 5.00 56.00 61.00 NOTE
r-oldrel-osx-x86_64 1.1 NOTE

Check Details

Version: 1.1
Check: R code for possible problems
Result: NOTE
    http.connection: no visible global function definition for ‘setNames’
    Undefined global functions or variables:
     setNames
    Consider adding
     importFrom("stats", "setNames")
    to your NAMESPACE file.
Flavors: r-devel-linux-x86_64-debian-clang, r-devel-linux-x86_64-debian-gcc, r-devel-linux-x86_64-fedora-clang, r-devel-linux-x86_64-fedora-gcc, r-devel-windows-ix86+x86_64, r-patched-linux-x86_64, r-patched-solaris-x86, r-release-linux-x86_64, r-release-windows-ix86+x86_64, r-release-osx-x86_64, r-oldrel-windows-ix86+x86_64, r-oldrel-osx-x86_64