CRAN Package Check Results for Package tumblR

Last updated on 2019-02-18 06:47:19 CET.

Flavor Version Tinstall Tcheck Ttotal Status Flags
r-devel-linux-x86_64-debian-clang 1.1 2.94 30.48 33.42 NOTE
r-devel-linux-x86_64-debian-gcc 1.1 2.08 24.65 26.73 NOTE
r-devel-linux-x86_64-fedora-clang 1.1 40.82 NOTE
r-devel-linux-x86_64-fedora-gcc 1.1 38.50 NOTE
r-devel-windows-ix86+x86_64 1.1 8.00 43.00 51.00 NOTE
r-patched-linux-x86_64 1.1 2.69 28.26 30.95 NOTE
r-patched-solaris-x86 1.1 62.50 NOTE
r-release-linux-x86_64 1.1 NOTE
r-release-windows-ix86+x86_64 1.1 4.00 60.00 64.00 NOTE
r-release-osx-x86_64 1.1 NOTE
r-oldrel-windows-ix86+x86_64 1.1 8.00 57.00 65.00 NOTE
r-oldrel-osx-x86_64 1.1 NOTE

Check Details

Version: 1.1
Check: R code for possible problems
Result: NOTE
    http.connection: no visible global function definition for ‘setNames’
    Undefined global functions or variables:
     setNames
    Consider adding
     importFrom("stats", "setNames")
    to your NAMESPACE file.
Flavors: r-devel-linux-x86_64-debian-clang, r-devel-linux-x86_64-debian-gcc, r-devel-linux-x86_64-fedora-clang, r-devel-linux-x86_64-fedora-gcc, r-devel-windows-ix86+x86_64, r-patched-linux-x86_64, r-patched-solaris-x86, r-release-linux-x86_64, r-release-windows-ix86+x86_64, r-release-osx-x86_64, r-oldrel-windows-ix86+x86_64, r-oldrel-osx-x86_64