CRAN Package Check Results for Package turboEM

Last updated on 2018-04-26 12:47:34 CEST.

Flavor Version Tinstall Tcheck Ttotal Status Flags
r-devel-linux-x86_64-debian-clang 2014.8-1 6.23 90.27 96.50 WARN
r-devel-linux-x86_64-debian-gcc 2014.8-1 4.83 78.34 83.17 WARN
r-devel-linux-x86_64-fedora-clang 2014.8-1 127.61 WARN
r-devel-linux-x86_64-fedora-gcc 2014.8-1 123.90 WARN
r-devel-windows-ix86+x86_64 2014.8-1 14.00 136.00 150.00 WARN
r-patched-linux-x86_64 2014.8-1 4.47 100.09 104.56 WARN
r-patched-solaris-x86 2014.8-1 232.40 WARN
r-release-linux-x86_64 2014.8-1 5.47 97.79 103.26 WARN
r-release-windows-ix86+x86_64 2014.8-1 14.00 136.00 150.00 WARN
r-release-osx-x86_64 2014.8-1 WARN
r-oldrel-windows-ix86+x86_64 2014.8-1 8.00 169.00 177.00 NOTE
r-oldrel-osx-x86_64 2014.8-1 NOTE

Check Details

Version: 2014.8-1
Check: whether package can be installed
Result: WARN
    Found the following significant warnings:
     Note: break used in wrong context: no loop is visible
    See ‘/home/hornik/tmp/R.check/r-devel-clang/Work/PKGS/turboEM.Rcheck/00install.out’ for details.
    Information on the location(s) of code generating the ‘Note’s can be
    obtained by re-running with environment variable R_KEEP_PKG_SOURCE set
    to ‘yes’.
Flavor: r-devel-linux-x86_64-debian-clang

Version: 2014.8-1
Check: R code for possible problems
Result: NOTE
    accelerate: no visible global function definition for ‘modifyList’
    boxplot.turbosim: no visible global function definition for ‘par’
    boxplot.turbosim: no visible global function definition for ‘axis’
    boxplot.turbosim: no visible global function definition for ‘mtext’
    dataprof.turbosim: no visible global function definition for ‘quantile’
    dataprof.turbosim: no visible global function definition for ‘par’
    dataprof.turbosim: no visible global function definition for ‘plot’
    dataprof.turbosim: no visible global function definition for ‘lines’
    dataprof.turbosim: no visible global function definition for ‘segments’
    dataprof.turbosim: no visible global function definition for ‘legend’
    line.search: no visible global function definition for ‘optimize’
    pairs.turbosim: no visible global function definition for ‘par’
    pairs.turbosim: no visible global function definition for ‘plot’
    pairs.turbosim: no visible global function definition for ‘legend’
    pairs.turbosim: no visible global function definition for ‘axis’
    pairs.turbosim: no visible global function definition for ‘title’
    pairs.turbosim: no visible global function definition for ‘coef’
    pairs.turbosim: no visible global function definition for ‘abline’
    pairs.turbosim: no visible global function definition for ‘text’
    plot.turbo: no visible global function definition for ‘plot’
    plot.turbo: no visible global function definition for ‘lines’
    plot.turbo: no visible global function definition for ‘legend’
    turboSim: no visible binding for global variable ‘par’
    turboem: no visible global function definition for ‘modifyList’
    Undefined global functions or variables:
     abline axis coef legend lines modifyList mtext optimize par plot
     quantile segments text title
    Consider adding
     importFrom("graphics", "abline", "axis", "legend", "lines", "mtext",
     "par", "plot", "segments", "text", "title")
     importFrom("stats", "coef", "optimize", "quantile")
     importFrom("utils", "modifyList")
    to your NAMESPACE file.
Flavors: r-devel-linux-x86_64-debian-clang, r-devel-linux-x86_64-debian-gcc, r-devel-linux-x86_64-fedora-clang, r-devel-linux-x86_64-fedora-gcc, r-devel-windows-ix86+x86_64, r-patched-linux-x86_64, r-patched-solaris-x86, r-release-linux-x86_64, r-release-windows-ix86+x86_64, r-release-osx-x86_64, r-oldrel-windows-ix86+x86_64, r-oldrel-osx-x86_64

Version: 2014.8-1
Check: whether package can be installed
Result: WARN
    Found the following significant warnings:
     Note: break used in wrong context: no loop is visible
    See ‘/home/hornik/tmp/R.check/r-devel-gcc/Work/PKGS/turboEM.Rcheck/00install.out’ for details.
    Information on the location(s) of code generating the ‘Note’s can be
    obtained by re-running with environment variable R_KEEP_PKG_SOURCE set
    to ‘yes’.
Flavor: r-devel-linux-x86_64-debian-gcc

Version: 2014.8-1
Check: whether package can be installed
Result: WARN
    Found the following significant warnings:
     Note: break used in wrong context: no loop is visible
    See ‘/data/gannet/ripley/R/packages/tests-clang/turboEM.Rcheck/00install.out’ for details.
    Information on the location(s) of code generating the ‘Note’s can be
    obtained by re-running with environment variable R_KEEP_PKG_SOURCE set
    to ‘yes’.
Flavor: r-devel-linux-x86_64-fedora-clang

Version: 2014.8-1
Check: whether package can be installed
Result: WARN
    Found the following significant warnings:
     Note: break used in wrong context: no loop is visible
    See ‘/data/gannet/ripley/R/packages/tests-devel/turboEM.Rcheck/00install.out’ for details.
    Information on the location(s) of code generating the ‘Note’s can be
    obtained by re-running with environment variable R_KEEP_PKG_SOURCE set
    to ‘yes’.
Flavor: r-devel-linux-x86_64-fedora-gcc

Version: 2014.8-1
Check: whether package can be installed
Result: WARN
    Found the following significant warnings:
     Note: break used in wrong context: no loop is visible
    See 'd:/Rcompile/CRANpkg/local/3.5/turboEM.Rcheck/00install.out' for details.
    Information on the location(s) of code generating the 'Note's can be
    obtained by re-running with environment variable R_KEEP_PKG_SOURCE set
    to 'yes'.
Flavors: r-devel-windows-ix86+x86_64, r-release-windows-ix86+x86_64

Version: 2014.8-1
Check: whether package can be installed
Result: WARN
    Found the following significant warnings:
     Note: break used in wrong context: no loop is visible
    See ‘/home/hornik/tmp/R.check/r-patched-gcc/Work/PKGS/turboEM.Rcheck/00install.out’ for details.
    Information on the location(s) of code generating the ‘Note’s can be
    obtained by re-running with environment variable R_KEEP_PKG_SOURCE set
    to ‘yes’.
Flavor: r-patched-linux-x86_64

Version: 2014.8-1
Check: whether package can be installed
Result: WARN
    Found the following significant warnings:
     Note: break used in wrong context: no loop is visible
    See ‘/home/ripley/R/packages/tests32/turboEM.Rcheck/00install.out’ for details.
    Information on the location(s) of code generating the ‘Note’s can be
    obtained by re-running with environment variable R_KEEP_PKG_SOURCE set
    to ‘yes’.
Flavor: r-patched-solaris-x86

Version: 2014.8-1
Check: whether package can be installed
Result: WARN
    Found the following significant warnings:
     Note: break used in wrong context: no loop is visible
    See ‘/home/hornik/tmp/R.check/r-release-gcc/Work/PKGS/turboEM.Rcheck/00install.out’ for details.
    Information on the location(s) of code generating the ‘Note’s can be
    obtained by re-running with environment variable R_KEEP_PKG_SOURCE set
    to ‘yes’.
Flavor: r-release-linux-x86_64

Version: 2014.8-1
Check: whether package can be installed
Result: WARN
    Found the following significant warnings:
     Note: break used in wrong context: no loop is visible
    See ‘/Volumes/SSD-Data/Builds/R-dev-web/QA/Simon/packages/el-capitan-x86_64/results/3.5/turboEM.Rcheck/00install.out’ for details.
    Information on the location(s) of code generating the ‘Note’s can be
    obtained by re-running with environment variable R_KEEP_PKG_SOURCE set
    to ‘yes’.
Flavor: r-release-osx-x86_64