CRAN Package Check Results for Package turfR

Last updated on 2021-03-08 09:47:57 CET.

Flavor Version Tinstall Tcheck Ttotal Status Flags
r-devel-linux-x86_64-debian-clang 0.8-7 3.94 40.91 44.85 NOTE
r-devel-linux-x86_64-debian-gcc 0.8-7 2.83 31.52 34.35 NOTE
r-devel-linux-x86_64-fedora-clang 0.8-7 63.55 NOTE
r-devel-linux-x86_64-fedora-gcc 0.8-7 52.48 NOTE
r-devel-windows-ix86+x86_64 0.8-7 9.00 56.00 65.00 NOTE
r-devel-windows-x86_64-gcc10-UCRT 0.8-7 NOTE
r-patched-linux-x86_64 0.8-7 3.65 38.72 42.37 NOTE
r-patched-solaris-x86 0.8-7 74.10 NOTE
r-release-linux-x86_64 0.8-7 4.13 38.73 42.86 NOTE
r-release-macos-x86_64 0.8-7 NOTE
r-release-windows-ix86+x86_64 0.8-7 8.00 55.00 63.00 NOTE
r-oldrel-macos-x86_64 0.8-7 NOTE
r-oldrel-windows-ix86+x86_64 0.8-7 6.00 42.00 48.00 NOTE

Check Details

Version: 0.8-7
Check: R code for possible problems
Result: NOTE
    turf: no visible global function definition for 'read.table'
    turf: no visible global function definition for 'flush.console'
    turf.combos: no visible global function definition for 'combn'
    Undefined global functions or variables:
     combn flush.console read.table
    Consider adding
     importFrom("utils", "combn", "flush.console", "read.table")
    to your NAMESPACE file.
Flavors: r-devel-linux-x86_64-debian-clang, r-devel-linux-x86_64-debian-gcc, r-devel-linux-x86_64-fedora-clang, r-devel-linux-x86_64-fedora-gcc, r-devel-windows-ix86+x86_64, r-devel-windows-x86_64-gcc10-UCRT, r-patched-linux-x86_64, r-patched-solaris-x86, r-release-linux-x86_64, r-release-macos-x86_64, r-release-windows-ix86+x86_64, r-oldrel-macos-x86_64, r-oldrel-windows-ix86+x86_64