CRAN Package Check Results for Package tvgeom

Last updated on 2022-07-03 04:49:15 CEST.

Flavor Version Tinstall Tcheck Ttotal Status Flags
r-devel-linux-x86_64-debian-clang 1.0.1 2.02 42.36 44.38 NOTE
r-devel-linux-x86_64-debian-gcc 1.0.1 1.34 31.18 32.52 NOTE
r-devel-linux-x86_64-fedora-clang 1.0.1 62.51 NOTE
r-devel-linux-x86_64-fedora-gcc 1.0.1 60.78 NOTE
r-devel-windows-x86_64 1.0.1 11.00 73.00 84.00 NOTE
r-patched-linux-x86_64 1.0.1 1.78 40.33 42.11 NOTE
r-release-linux-x86_64 1.0.1 1.73 39.96 41.69 NOTE
r-release-macos-arm64 1.0.1 23.00 NOTE
r-release-macos-x86_64 1.0.1 33.00 NOTE
r-release-windows-x86_64 1.0.1 16.00 70.00 86.00 NOTE
r-oldrel-macos-arm64 1.0.1 33.00 NOTE
r-oldrel-macos-x86_64 1.0.1 60.00 NOTE
r-oldrel-windows-ix86+x86_64 1.0.1 6.00 62.00 68.00 NOTE

Check Details

Version: 1.0.1
Check: LazyData
Result: NOTE
     'LazyData' is specified without a 'data' directory
Flavors: r-devel-linux-x86_64-debian-clang, r-devel-linux-x86_64-debian-gcc, r-devel-linux-x86_64-fedora-clang, r-devel-linux-x86_64-fedora-gcc, r-devel-windows-x86_64, r-patched-linux-x86_64, r-release-linux-x86_64, r-release-macos-arm64, r-release-macos-x86_64, r-release-windows-x86_64, r-oldrel-macos-arm64, r-oldrel-macos-x86_64, r-oldrel-windows-ix86+x86_64