CRAN Package Check Results for Package twosamples

Last updated on 2021-05-06 23:49:50 CEST.

Flavor Version Tinstall Tcheck Ttotal Status Flags
r-devel-linux-x86_64-debian-clang 1.1.1 22.94 28.65 51.59 NOTE
r-devel-linux-x86_64-debian-gcc 1.1.1 12.84 22.48 35.32 NOTE
r-devel-linux-x86_64-fedora-clang 1.1.1 74.44 NOTE
r-devel-linux-x86_64-fedora-gcc 1.1.1 59.29 NOTE
r-devel-windows-x86_64-gcc10-UCRT 1.1.1 NOTE
r-patched-linux-x86_64 1.1.1 14.93 28.13 43.06 NOTE
r-patched-solaris-x86 1.1.1 76.60 OK
r-release-linux-x86_64 1.1.1 16.55 27.23 43.78 OK
r-release-macos-x86_64 1.1.1 OK
r-release-windows-ix86+x86_64 1.1.1 42.00 56.00 98.00 OK
r-oldrel-macos-x86_64 1.1.1 OK
r-oldrel-windows-ix86+x86_64 1.1.1 49.00 52.00 101.00 OK

Check Details

Version: 1.1.1
Check: LazyData
Result: NOTE
     'LazyData' is specified without a 'data' directory
Flavors: r-devel-linux-x86_64-debian-clang, r-devel-linux-x86_64-debian-gcc, r-devel-linux-x86_64-fedora-clang, r-devel-linux-x86_64-fedora-gcc, r-devel-windows-x86_64-gcc10-UCRT, r-patched-linux-x86_64