CRAN Package Check Results for Package twosigma

Last updated on 2024-04-12 16:56:01 CEST.

Flavor Version Tinstall Tcheck Ttotal Status Flags
r-devel-linux-x86_64-debian-clang 1.0.2 11.75 100.42 112.17 NOTE
r-devel-linux-x86_64-debian-gcc 1.0.2 9.86 75.05 84.91 NOTE
r-devel-linux-x86_64-fedora-clang 1.0.2 142.21 NOTE
r-devel-linux-x86_64-fedora-gcc 1.0.2 131.51 NOTE
r-devel-windows-x86_64 1.0.2 11.00 88.00 99.00 NOTE
r-patched-linux-x86_64 1.0.2 10.24 96.41 106.65 NOTE
r-release-linux-x86_64 1.0.2 12.42 99.29 111.71 OK
r-release-macos-arm64 1.0.2 44.00 OK
r-release-macos-x86_64 1.0.2 73.00 OK
r-release-windows-x86_64 1.0.2 14.00 103.00 117.00 OK
r-oldrel-macos-arm64 1.0.2 40.00 OK
r-oldrel-windows-x86_64 1.0.2 14.00 110.00 124.00 OK

Check Details

Version: 1.0.2
Check: Rd files
Result: NOTE checkRd: (-1) twosigmag.Rd:83: Lost braces in \itemize; \value handles \item{}{} directly checkRd: (-1) twosigmag.Rd:84: Lost braces in \itemize; \value handles \item{}{} directly checkRd: (-1) twosigmag.Rd:85: Lost braces in \itemize; \value handles \item{}{} directly checkRd: (-1) twosigmag.Rd:86: Lost braces in \itemize; \value handles \item{}{} directly checkRd: (-1) twosigmag.Rd:87: Lost braces in \itemize; \value handles \item{}{} directly checkRd: (-1) twosigmag.Rd:88: Lost braces in \itemize; \value handles \item{}{} directly checkRd: (-1) twosigmag.Rd:89: Lost braces in \itemize; \value handles \item{}{} directly checkRd: (-1) twosigmag.Rd:90: Lost braces in \itemize; \value handles \item{}{} directly checkRd: (-1) twosigmag.Rd:91: Lost braces in \itemize; \value handles \item{}{} directly checkRd: (-1) twosigmag.Rd:92: Lost braces in \itemize; \value handles \item{}{} directly checkRd: (-1) twosigmag.Rd:94: Lost braces in \itemize; \value handles \item{}{} directly checkRd: (-1) twosigmag.Rd:95: Lost braces in \itemize; \value handles \item{}{} directly checkRd: (-1) twosigmag.Rd:96: Lost braces in \itemize; \value handles \item{}{} directly Flavors: r-devel-linux-x86_64-debian-clang, r-devel-linux-x86_64-debian-gcc, r-devel-linux-x86_64-fedora-clang, r-devel-linux-x86_64-fedora-gcc, r-devel-windows-x86_64, r-patched-linux-x86_64