CRAN Package Check Results for Package ucbthesis

Last updated on 2018-05-26 10:49:45 CEST.

Flavor Version Tinstall Tcheck Ttotal Status Flags
r-devel-linux-x86_64-debian-clang 1.0 0.80 21.00 21.80 NOTE
r-devel-linux-x86_64-debian-gcc 1.0 0.89 16.83 17.72 NOTE
r-devel-linux-x86_64-fedora-clang 1.0 26.66 NOTE
r-devel-linux-x86_64-fedora-gcc 1.0 25.29 NOTE
r-devel-windows-ix86+x86_64 1.0 3.00 54.00 57.00 NOTE
r-patched-linux-x86_64 1.0 1.08 19.84 20.92 NOTE
r-patched-solaris-x86 1.0 45.00 NOTE
r-release-linux-x86_64 1.0 1.09 19.89 20.98 NOTE
r-release-windows-ix86+x86_64 1.0 5.00 36.00 41.00 NOTE
r-release-osx-x86_64 1.0 NOTE
r-oldrel-windows-ix86+x86_64 1.0 5.00 31.00 36.00 NOTE
r-oldrel-osx-x86_64 1.0 NOTE

Check Details

Version: 1.0
Check: R code for possible problems
Result: NOTE
    rmd2pdf: no visible global function definition for ‘tail’
    rnw2pdf: no visible global function definition for ‘tail’
    Undefined global functions or variables:
     tail
    Consider adding
     importFrom("utils", "tail")
    to your NAMESPACE file.
Flavors: r-devel-linux-x86_64-debian-clang, r-devel-linux-x86_64-debian-gcc, r-devel-linux-x86_64-fedora-clang, r-devel-linux-x86_64-fedora-gcc, r-devel-windows-ix86+x86_64, r-patched-linux-x86_64, r-patched-solaris-x86, r-release-linux-x86_64, r-release-windows-ix86+x86_64, r-release-osx-x86_64, r-oldrel-windows-ix86+x86_64, r-oldrel-osx-x86_64