CRAN Package Check Results for Package ucbthesis

Last updated on 2018-02-22 16:48:07 CET.

Flavor Version Tinstall Tcheck Ttotal Status Flags
r-devel-linux-x86_64-debian-clang 1.0 0.87 18.09 18.96 NOTE
r-devel-linux-x86_64-debian-gcc 1.0 0.85 16.01 16.86 NOTE
r-devel-linux-x86_64-fedora-clang 1.0 25.36 NOTE
r-devel-linux-x86_64-fedora-gcc 1.0 24.62 NOTE
r-devel-windows-ix86+x86_64 1.0 4.00 33.00 37.00 NOTE
r-patched-linux-x86_64 1.0 0.82 19.37 20.19 NOTE
r-patched-solaris-x86 1.0 36.60 NOTE
r-release-linux-x86_64 1.0 0.87 19.04 19.91 NOTE
r-release-windows-ix86+x86_64 1.0 6.00 43.00 49.00 NOTE
r-release-osx-x86_64 1.0 NOTE
r-oldrel-windows-ix86+x86_64 1.0 4.00 72.00 76.00 NOTE
r-oldrel-osx-x86_64 1.0 NOTE

Check Details

Version: 1.0
Check: R code for possible problems
Result: NOTE
    rmd2pdf: no visible global function definition for ‘tail’
    rnw2pdf: no visible global function definition for ‘tail’
    Undefined global functions or variables:
     tail
    Consider adding
     importFrom("utils", "tail")
    to your NAMESPACE file.
Flavors: r-devel-linux-x86_64-debian-clang, r-devel-linux-x86_64-debian-gcc, r-devel-linux-x86_64-fedora-clang, r-devel-linux-x86_64-fedora-gcc, r-devel-windows-ix86+x86_64, r-patched-linux-x86_64, r-patched-solaris-x86, r-release-linux-x86_64, r-release-windows-ix86+x86_64, r-release-osx-x86_64, r-oldrel-windows-ix86+x86_64, r-oldrel-osx-x86_64