CRAN Package Check Results for Package ucbthesis

Last updated on 2018-11-15 14:47:34 CET.

Flavor Version Tinstall Tcheck Ttotal Status Flags
r-devel-linux-x86_64-debian-clang 1.0 1.21 22.90 24.11 NOTE
r-devel-linux-x86_64-debian-gcc 1.0 1.01 18.16 19.17 NOTE
r-devel-linux-x86_64-fedora-clang 1.0 27.92 NOTE
r-devel-linux-x86_64-fedora-gcc 1.0 26.60 NOTE
r-devel-windows-ix86+x86_64 1.0 3.00 52.00 55.00 NOTE
r-patched-linux-x86_64 1.0 0.90 20.16 21.06 NOTE
r-patched-solaris-x86 1.0 43.80 NOTE
r-release-linux-x86_64 1.0 1.01 20.16 21.17 NOTE
r-release-windows-ix86+x86_64 1.0 5.00 49.00 54.00 NOTE
r-release-osx-x86_64 1.0 NOTE
r-oldrel-windows-ix86+x86_64 1.0 7.00 28.00 35.00 NOTE
r-oldrel-osx-x86_64 1.0 NOTE

Check Details

Version: 1.0
Check: R code for possible problems
Result: NOTE
    rmd2pdf: no visible global function definition for ‘tail’
    rnw2pdf: no visible global function definition for ‘tail’
    Undefined global functions or variables:
     tail
    Consider adding
     importFrom("utils", "tail")
    to your NAMESPACE file.
Flavors: r-devel-linux-x86_64-debian-clang, r-devel-linux-x86_64-debian-gcc, r-devel-linux-x86_64-fedora-clang, r-devel-linux-x86_64-fedora-gcc, r-devel-windows-ix86+x86_64, r-patched-linux-x86_64, r-patched-solaris-x86, r-release-linux-x86_64, r-release-windows-ix86+x86_64, r-release-osx-x86_64, r-oldrel-windows-ix86+x86_64, r-oldrel-osx-x86_64