CRAN Package Check Results for Package ucbthesis

Last updated on 2018-08-20 11:49:04 CEST.

Flavor Version Tinstall Tcheck Ttotal Status Flags
r-devel-linux-x86_64-debian-clang 1.0 1.15 22.28 23.43 NOTE
r-devel-linux-x86_64-debian-gcc 1.0 0.89 17.94 18.83 NOTE
r-devel-linux-x86_64-fedora-clang 1.0 27.55 NOTE
r-devel-linux-x86_64-fedora-gcc 1.0 26.55 NOTE
r-devel-windows-ix86+x86_64 1.0 4.00 44.00 48.00 NOTE
r-patched-linux-x86_64 1.0 1.05 20.26 21.31 NOTE
r-patched-solaris-x86 1.0 45.20 NOTE
r-release-linux-x86_64 1.0 1.08 20.01 21.09 NOTE
r-release-windows-ix86+x86_64 1.0 6.00 37.00 43.00 NOTE
r-release-osx-x86_64 1.0 NOTE
r-oldrel-windows-ix86+x86_64 1.0 3.00 44.00 47.00 NOTE
r-oldrel-osx-x86_64 1.0 NOTE

Check Details

Version: 1.0
Check: R code for possible problems
Result: NOTE
    rmd2pdf: no visible global function definition for ‘tail’
    rnw2pdf: no visible global function definition for ‘tail’
    Undefined global functions or variables:
     tail
    Consider adding
     importFrom("utils", "tail")
    to your NAMESPACE file.
Flavors: r-devel-linux-x86_64-debian-clang, r-devel-linux-x86_64-debian-gcc, r-devel-linux-x86_64-fedora-clang, r-devel-linux-x86_64-fedora-gcc, r-devel-windows-ix86+x86_64, r-patched-linux-x86_64, r-patched-solaris-x86, r-release-linux-x86_64, r-release-windows-ix86+x86_64, r-release-osx-x86_64, r-oldrel-windows-ix86+x86_64, r-oldrel-osx-x86_64