CRAN Package Check Results for Package ucbthesis

Last updated on 2019-02-19 22:51:53 CET.

Flavor Version Tinstall Tcheck Ttotal Status Flags
r-devel-linux-x86_64-debian-clang 1.0 1.42 21.85 23.27 NOTE
r-devel-linux-x86_64-debian-gcc 1.0 1.07 17.87 18.94 NOTE
r-devel-linux-x86_64-fedora-clang 1.0 29.31 NOTE
r-devel-linux-x86_64-fedora-gcc 1.0 27.16 NOTE
r-devel-windows-ix86+x86_64 1.0 5.00 56.00 61.00 NOTE
r-patched-linux-x86_64 1.0 1.11 20.19 21.30 NOTE
r-patched-solaris-x86 1.0 46.70 NOTE
r-release-linux-x86_64 1.0 1.11 20.47 21.58 NOTE
r-release-windows-ix86+x86_64 1.0 3.00 50.00 53.00 NOTE
r-release-osx-x86_64 1.0 NOTE
r-oldrel-windows-ix86+x86_64 1.0 6.00 42.00 48.00 NOTE
r-oldrel-osx-x86_64 1.0 NOTE

Check Details

Version: 1.0
Check: R code for possible problems
Result: NOTE
    rmd2pdf: no visible global function definition for ‘tail’
    rnw2pdf: no visible global function definition for ‘tail’
    Undefined global functions or variables:
     tail
    Consider adding
     importFrom("utils", "tail")
    to your NAMESPACE file.
Flavors: r-devel-linux-x86_64-debian-clang, r-devel-linux-x86_64-debian-gcc, r-devel-linux-x86_64-fedora-clang, r-devel-linux-x86_64-fedora-gcc, r-devel-windows-ix86+x86_64, r-patched-linux-x86_64, r-patched-solaris-x86, r-release-linux-x86_64, r-release-windows-ix86+x86_64, r-release-osx-x86_64, r-oldrel-windows-ix86+x86_64, r-oldrel-osx-x86_64