CRAN Package Check Results for Package udpipe

Last updated on 2022-05-16 05:50:25 CEST.

Flavor Version Tinstall Tcheck Ttotal Status Flags
r-devel-linux-x86_64-debian-clang 0.8.9 155.60 421.42 577.02 OK
r-devel-linux-x86_64-debian-gcc 0.8.9 149.28 321.18 470.46 OK
r-devel-linux-x86_64-fedora-clang 0.8.9 705.54 NOTE
r-devel-linux-x86_64-fedora-gcc 0.8.9 749.95 OK
r-devel-windows-x86_64 0.8.9 160.00 470.00 630.00 NOTE
r-patched-linux-x86_64 0.8.9 143.99 431.97 575.96 OK
r-release-linux-x86_64 0.8.9 146.18 423.25 569.43 OK
r-release-macos-arm64 0.8.9 236.00 NOTE
r-release-macos-x86_64 0.8.9 256.00 NOTE
r-release-windows-x86_64 0.8.9 157.00 458.00 615.00 NOTE
r-oldrel-macos-arm64 0.8.9 206.00 NOTE
r-oldrel-macos-x86_64 0.8.9 248.00 NOTE
r-oldrel-windows-ix86+x86_64 0.8.9 325.00 634.00 959.00 NOTE

Check Details

Version: 0.8.9
Check: installed package size
Result: NOTE
     installed size is 21.6Mb
     sub-directories of 1Mb or more:
     doc 1.4Mb
     dummydata 1.4Mb
     libs 16.9Mb
Flavors: r-devel-linux-x86_64-fedora-clang, r-devel-windows-x86_64, r-release-macos-arm64, r-release-macos-x86_64, r-release-windows-x86_64, r-oldrel-macos-arm64, r-oldrel-macos-x86_64, r-oldrel-windows-ix86+x86_64