CRAN Package Check Results for Package ukbtools

Last updated on 2018-08-19 20:50:32 CEST.

Flavor Version Tinstall Tcheck Ttotal Status Flags
r-devel-linux-x86_64-debian-clang 0.11.0 15.96 61.94 77.90 OK
r-devel-linux-x86_64-debian-gcc 0.11.0 15.25 48.77 64.02 OK
r-devel-linux-x86_64-fedora-clang 0.11.0 93.86 NOTE
r-devel-linux-x86_64-fedora-gcc 0.11.0 90.18 NOTE
r-devel-windows-ix86+x86_64 0.11.0 31.00 84.00 115.00 OK
r-patched-linux-x86_64 0.11.0 17.37 53.09 70.46 OK
r-patched-solaris-x86 0.11.0 143.50 NOTE
r-release-linux-x86_64 0.11.0 15.10 53.63 68.73 OK
r-release-windows-ix86+x86_64 0.11.0 34.00 74.00 108.00 OK
r-release-osx-x86_64 0.11.0 NOTE
r-oldrel-windows-ix86+x86_64 0.11.0 25.00 67.00 92.00 OK
r-oldrel-osx-x86_64 0.11.0 NOTE

Check Details

Version: 0.11.0
Check: dependencies in R code
Result: NOTE
    Namespace in Imports field not imported from: ‘plyr’
     All declared Imports should be used.
Flavors: r-devel-linux-x86_64-fedora-clang, r-devel-linux-x86_64-fedora-gcc, r-patched-solaris-x86, r-release-osx-x86_64, r-oldrel-osx-x86_64

Version: 0.11.0
Check: data for non-ASCII characters
Result: NOTE
     Note: found 5 marked UTF-8 strings
Flavors: r-devel-linux-x86_64-fedora-clang, r-devel-linux-x86_64-fedora-gcc, r-patched-solaris-x86, r-release-osx-x86_64, r-oldrel-osx-x86_64