CRAN Package Check Results for Package ukbtools

Last updated on 2019-02-19 21:49:44 CET.

Flavor Version Tinstall Tcheck Ttotal Status Flags
r-devel-linux-x86_64-debian-clang 0.11.0 16.55 58.60 75.15 OK
r-devel-linux-x86_64-debian-gcc 0.11.0 15.02 46.72 61.74 OK
r-devel-linux-x86_64-fedora-clang 0.11.0 95.68 NOTE
r-devel-linux-x86_64-fedora-gcc 0.11.0 87.27 NOTE
r-devel-windows-ix86+x86_64 0.11.0 32.00 110.00 142.00 OK
r-patched-linux-x86_64 0.11.0 17.49 56.03 73.52 OK
r-patched-solaris-x86 0.11.0 144.20 NOTE
r-release-linux-x86_64 0.11.0 18.66 54.81 73.47 OK
r-release-windows-ix86+x86_64 0.11.0 24.00 122.00 146.00 OK
r-release-osx-x86_64 0.11.0 NOTE
r-oldrel-windows-ix86+x86_64 0.11.0 25.00 77.00 102.00 OK
r-oldrel-osx-x86_64 0.11.0 NOTE

Check Details

Version: 0.11.0
Check: dependencies in R code
Result: NOTE
    Namespace in Imports field not imported from: ‘plyr’
     All declared Imports should be used.
Flavors: r-devel-linux-x86_64-fedora-clang, r-devel-linux-x86_64-fedora-gcc, r-patched-solaris-x86, r-release-osx-x86_64, r-oldrel-osx-x86_64

Version: 0.11.0
Check: data for non-ASCII characters
Result: NOTE
     Note: found 5 marked UTF-8 strings
Flavors: r-devel-linux-x86_64-fedora-clang, r-devel-linux-x86_64-fedora-gcc, r-patched-solaris-x86, r-release-osx-x86_64, r-oldrel-osx-x86_64