CRAN Package Check Results for Package ukbtools

Last updated on 2018-11-15 14:47:34 CET.

Flavor Version Tinstall Tcheck Ttotal Status Flags
r-devel-linux-x86_64-debian-clang 0.11.0 15.87 63.22 79.09 OK
r-devel-linux-x86_64-debian-gcc 0.11.0 14.56 50.26 64.82 OK
r-devel-linux-x86_64-fedora-clang 0.11.0 94.84 NOTE
r-devel-linux-x86_64-fedora-gcc 0.11.0 92.29 NOTE
r-devel-windows-ix86+x86_64 0.11.0 20.00 79.00 99.00 OK
r-patched-linux-x86_64 0.11.0 14.15 53.73 67.88 OK
r-patched-solaris-x86 0.11.0 140.00 NOTE
r-release-linux-x86_64 0.11.0 16.34 53.79 70.13 OK
r-release-windows-ix86+x86_64 0.11.0 31.00 74.00 105.00 OK
r-release-osx-x86_64 0.11.0 NOTE
r-oldrel-windows-ix86+x86_64 0.11.0 29.00 97.00 126.00 OK
r-oldrel-osx-x86_64 0.11.0 NOTE

Check Details

Version: 0.11.0
Check: dependencies in R code
Result: NOTE
    Namespace in Imports field not imported from: ‘plyr’
     All declared Imports should be used.
Flavors: r-devel-linux-x86_64-fedora-clang, r-devel-linux-x86_64-fedora-gcc, r-patched-solaris-x86, r-release-osx-x86_64, r-oldrel-osx-x86_64

Version: 0.11.0
Check: data for non-ASCII characters
Result: NOTE
     Note: found 5 marked UTF-8 strings
Flavors: r-devel-linux-x86_64-fedora-clang, r-devel-linux-x86_64-fedora-gcc, r-patched-solaris-x86, r-release-osx-x86_64, r-oldrel-osx-x86_64