CRAN Package Check Results for Package ukbtools

Last updated on 2018-02-20 03:50:08 CET.

Flavor Version Tinstall Tcheck Ttotal Status Flags
r-devel-linux-x86_64-debian-clang 0.10.1 17.61 43.77 61.38 OK
r-devel-linux-x86_64-debian-gcc 0.10.1 13.76 38.58 52.34 OK
r-devel-linux-x86_64-fedora-clang 0.10.1 78.17 NOTE
r-devel-linux-x86_64-fedora-gcc 0.10.1 78.55 NOTE
r-devel-windows-ix86+x86_64 0.10.1 23.00 60.00 83.00 OK
r-patched-linux-x86_64 0.10.1 14.82 50.04 64.86 OK
r-patched-solaris-x86 0.10.1 121.40 NOTE
r-release-linux-x86_64 0.10.1 17.55 49.67 67.22 OK
r-release-windows-ix86+x86_64 0.10.1 28.00 62.00 90.00 OK
r-release-osx-x86_64 0.10.1 NOTE
r-oldrel-windows-ix86+x86_64 0.10.1 28.00 78.00 106.00 OK
r-oldrel-osx-x86_64 0.10.0 NOTE

Check Details

Version: 0.10.1
Check: dependencies in R code
Result: NOTE
    Namespace in Imports field not imported from: ‘plyr’
     All declared Imports should be used.
Flavors: r-devel-linux-x86_64-fedora-clang, r-devel-linux-x86_64-fedora-gcc, r-patched-solaris-x86, r-release-osx-x86_64

Version: 0.10.1
Check: data for non-ASCII characters
Result: NOTE
     Note: found 5 marked UTF-8 strings
Flavors: r-devel-linux-x86_64-fedora-clang, r-devel-linux-x86_64-fedora-gcc, r-patched-solaris-x86, r-release-osx-x86_64

Version: 0.10.0
Check: dependencies in R code
Result: NOTE
    Namespace in Imports field not imported from: ‘plyr’
     All declared Imports should be used.
Flavor: r-oldrel-osx-x86_64

Version: 0.10.0
Check: data for non-ASCII characters
Result: NOTE
     Note: found 5 marked UTF-8 strings
Flavor: r-oldrel-osx-x86_64