CRAN Package Check Results for Package ukbtools

Last updated on 2018-05-26 18:47:00 CEST.

Flavor Version Tinstall Tcheck Ttotal Status Flags
r-devel-linux-x86_64-debian-clang 0.11.0 16.56 58.61 75.17 OK
r-devel-linux-x86_64-debian-gcc 0.11.0 15.93 47.10 63.03 OK
r-devel-linux-x86_64-fedora-clang 0.11.0 92.45 NOTE
r-devel-linux-x86_64-fedora-gcc 0.11.0 88.83 NOTE
r-devel-windows-ix86+x86_64 0.11.0 30.00 95.00 125.00 OK
r-patched-linux-x86_64 0.11.0 14.92 51.72 66.64 OK
r-patched-solaris-x86 0.11.0 138.90 NOTE
r-release-linux-x86_64 0.11.0 12.93 51.68 64.61 OK
r-release-windows-ix86+x86_64 0.11.0 20.00 65.00 85.00 OK
r-release-osx-x86_64 0.11.0 NOTE
r-oldrel-windows-ix86+x86_64 0.11.0 30.00 92.00 122.00 OK
r-oldrel-osx-x86_64 0.10.1 NOTE

Check Details

Version: 0.11.0
Check: dependencies in R code
Result: NOTE
    Namespace in Imports field not imported from: ‘plyr’
     All declared Imports should be used.
Flavors: r-devel-linux-x86_64-fedora-clang, r-devel-linux-x86_64-fedora-gcc, r-patched-solaris-x86, r-release-osx-x86_64

Version: 0.11.0
Check: data for non-ASCII characters
Result: NOTE
     Note: found 5 marked UTF-8 strings
Flavors: r-devel-linux-x86_64-fedora-clang, r-devel-linux-x86_64-fedora-gcc, r-patched-solaris-x86, r-release-osx-x86_64

Version: 0.10.1
Check: dependencies in R code
Result: NOTE
    Namespace in Imports field not imported from: ‘plyr’
     All declared Imports should be used.
Flavor: r-oldrel-osx-x86_64

Version: 0.10.1
Check: data for non-ASCII characters
Result: NOTE
     Note: found 5 marked UTF-8 strings
Flavor: r-oldrel-osx-x86_64