CRAN Package Check Results for Package ukds

Last updated on 2018-02-23 10:48:40 CET.

Flavor Version Tinstall Tcheck Ttotal Status Flags
r-devel-linux-x86_64-debian-clang 0.1.0 1.73 33.12 34.85 OK
r-devel-linux-x86_64-debian-gcc 0.1.0 1.84 29.44 31.28 OK
r-devel-linux-x86_64-fedora-clang 0.1.0 47.26 OK
r-devel-linux-x86_64-fedora-gcc 0.1.0 45.78 OK
r-devel-windows-ix86+x86_64 0.1.0 7.00 71.00 78.00 OK
r-patched-linux-x86_64 0.1.0 1.94 37.68 39.62 OK
r-patched-solaris-x86 0.1.0 3.80 ERROR
r-release-linux-x86_64 0.1.0 2.49 37.66 40.15 OK
r-release-windows-ix86+x86_64 0.1.0 9.00 72.00 81.00 OK
r-release-osx-x86_64 0.1.0 OK
r-oldrel-windows-ix86+x86_64 0.1.0 6.00 72.00 78.00 OK
r-oldrel-osx-x86_64 0.1.0 OK

Check Details

Version: 0.1.0
Check: package dependencies
Result: ERROR
    Package required but not available: ‘RSelenium’
    
    See section ‘The DESCRIPTION file’ in the ‘Writing R Extensions’
    manual.
Flavor: r-patched-solaris-x86