CRAN Package Check Results for Package uklr

Last updated on 2022-12-01 17:50:23 CET.

Flavor Version Tinstall Tcheck Ttotal Status Flags
r-devel-linux-x86_64-debian-clang 1.0.2 12.70 69.03 81.73 NOTE
r-devel-linux-x86_64-debian-gcc 1.0.2 11.14 53.91 65.05 NOTE
r-devel-linux-x86_64-fedora-clang 1.0.2 113.80 NOTE
r-devel-linux-x86_64-fedora-gcc 1.0.2 114.60 NOTE
r-devel-windows-x86_64 1.0.2 34.00 108.00 142.00 NOTE
r-patched-linux-x86_64 1.0.2 12.28 64.62 76.90 OK
r-release-linux-x86_64 1.0.2 10.64 64.88 75.52 OK
r-release-macos-arm64 1.0.2 80.00 NOTE
r-release-macos-x86_64 1.0.2 58.00 OK
r-release-windows-x86_64 1.0.2 32.00 104.00 136.00 OK
r-oldrel-macos-arm64 1.0.2 94.00 NOTE
r-oldrel-macos-x86_64 1.0.2 98.00 OK
r-oldrel-windows-ix86+x86_64 1.0.2 23.00 101.00 124.00 OK

Check Details

Version: 1.0.2
Check: package subdirectories
Result: NOTE
    Problems with news in 'NEWS.md':
     Cannot extract version info from the following section titles:
     uktrans_get is fixed when start_date is used (#2)
     Extra layer of of NULL returns to fail gracefully with an informative message.
     Removed travis & appveyor and using gh_actions instead.
     Using gh-pages to create the pkgdown website.
     Create an app as vignette page to search with the help of uklr.
Flavors: r-devel-linux-x86_64-debian-clang, r-devel-linux-x86_64-debian-gcc, r-devel-linux-x86_64-fedora-clang, r-devel-linux-x86_64-fedora-gcc, r-devel-windows-x86_64

Version: 1.0.2
Check: installed package size
Result: NOTE
     installed size is 5.4Mb
     sub-directories of 1Mb or more:
     data 5.1Mb
Flavors: r-release-macos-arm64, r-oldrel-macos-arm64