CRAN Package Check Results for Package umap

Last updated on 2019-04-20 17:49:42 CEST.

Flavor Version Tinstall Tcheck Ttotal Status Flags
r-devel-linux-x86_64-debian-clang 0.2.0.0 27.14 105.04 132.18 OK
r-devel-linux-x86_64-debian-gcc 0.2.0.0 22.20 89.67 111.87 OK
r-devel-linux-x86_64-fedora-clang 0.2.0.0 234.43 OK
r-devel-linux-x86_64-fedora-gcc 0.2.0.0 218.17 OK
r-devel-windows-ix86+x86_64 0.2.0.0 73.00 246.00 319.00 OK
r-patched-linux-x86_64 0.2.0.0 23.60 102.34 125.94 OK
r-patched-solaris-x86 0.2.0.0 229.20 OK
r-release-linux-x86_64 0.2.0.0 25.52 96.93 122.45 OK
r-release-windows-ix86+x86_64 0.2.0.0 49.00 174.00 223.00 OK
r-release-osx-x86_64 0.2.0.0 ERROR
r-oldrel-windows-ix86+x86_64 0.2.0.0 44.00 236.00 280.00 OK
r-oldrel-osx-x86_64 0.2.0.0 ERROR

Check Details

Version: 0.2.0.0
Check: tests
Result: ERROR
     Running ‘testthat.R’ [10s/10s]
    Running the tests in ‘tests/testthat.R’ failed.
    Last 13 lines of output:
     test small
    
     test_spectral
    
     test_synthetic
    
     test_universal
    
     test_utils
     ══ testthat results ═══════════════════════════════════════════════════════════
     OK: 206 SKIPPED: 0 FAILED: 1
     1. Failure: predicted layout is reasonable (@test_naive.R#101)
    
     Error: testthat unit tests failed
     Execution halted
Flavor: r-release-osx-x86_64

Version: 0.2.0.0
Check: tests
Result: ERROR
     Running ‘testthat.R’ [11s/11s]
    Running the tests in ‘tests/testthat.R’ failed.
    Last 13 lines of output:
     test small
    
     test_spectral
    
     test_synthetic
    
     test_universal
    
     test_utils
     ══ testthat results ═══════════════════════════════════════════════════════════
     OK: 206 SKIPPED: 0 FAILED: 1
     1. Failure: predicted layout is reasonable (@test_naive.R#101)
    
     Error: testthat unit tests failed
     Execution halted
Flavor: r-oldrel-osx-x86_64