CRAN Package Check Results for Package unbalanced

Last updated on 2018-08-22 04:49:27 CEST.

Flavor Version Tinstall Tcheck Ttotal Status Flags
r-devel-linux-x86_64-debian-clang 2.0 6.02 138.52 144.54 NOTE
r-devel-linux-x86_64-debian-gcc 2.0 6.00 112.26 118.26 NOTE
r-devel-linux-x86_64-fedora-clang 2.0 169.96 NOTE
r-devel-linux-x86_64-fedora-gcc 2.0 165.84 NOTE
r-devel-windows-ix86+x86_64 2.0 12.00 150.00 162.00 NOTE
r-patched-linux-x86_64 2.0 5.93 121.11 127.04 NOTE
r-patched-solaris-x86 2.0 239.20 NOTE
r-release-linux-x86_64 2.0 4.64 122.44 127.08 NOTE
r-release-windows-ix86+x86_64 2.0 16.00 222.00 238.00 NOTE
r-release-osx-x86_64 2.0 NOTE
r-oldrel-windows-ix86+x86_64 2.0 13.00 210.00 223.00 NOTE
r-oldrel-osx-x86_64 2.0 NOTE

Check Details

Version: 2.0
Check: R code for possible problems
Result: NOTE
    ubRacing : predCandidate: no visible global function definition for
     ‘predict’
    ubRacing : aux2.friedman.edit: no visible global function definition
     for ‘pchisq’
    ubRacing : aux2.friedman.edit: no visible global function definition
     for ‘qt’
    ubRacing : aux.friedman.edit: no visible global function definition for
     ‘wilcox.test’
    ubRacing : aux.ttest.edit: no visible global function definition for
     ‘t.test’
    ubRacing : aux.ttest.edit: no visible global function definition for
     ‘p.adjust’
    ubRacing : idFolds: no visible global function definition for
     ‘quantile’
    ubRacing: no visible binding for global variable ‘sd’
    ubSmoteExs: no visible global function definition for ‘runif’
    Undefined global functions or variables:
     p.adjust pchisq predict qt quantile runif sd t.test wilcox.test
    Consider adding
     importFrom("stats", "p.adjust", "pchisq", "predict", "qt", "quantile",
     "runif", "sd", "t.test", "wilcox.test")
    to your NAMESPACE file.
Flavors: r-devel-linux-x86_64-debian-clang, r-devel-linux-x86_64-debian-gcc, r-devel-linux-x86_64-fedora-clang, r-devel-linux-x86_64-fedora-gcc, r-devel-windows-ix86+x86_64, r-patched-linux-x86_64, r-patched-solaris-x86, r-release-linux-x86_64, r-release-windows-ix86+x86_64, r-release-osx-x86_64, r-oldrel-windows-ix86+x86_64, r-oldrel-osx-x86_64