CRAN Package Check Results for Package understandBPMN

Last updated on 2022-05-26 20:49:17 CEST.

Flavor Version Tinstall Tcheck Ttotal Status Flags
r-devel-linux-x86_64-debian-clang 1.1.1 42.71 125.24 167.95 NOTE
r-devel-linux-x86_64-debian-gcc 1.1.1 39.16 99.22 138.38 NOTE
r-devel-linux-x86_64-fedora-clang 1.1.1 221.33 NOTE
r-devel-linux-x86_64-fedora-gcc 1.1.1 211.98 NOTE
r-devel-windows-x86_64 1.1.1 121.00 163.00 284.00 NOTE
r-patched-linux-x86_64 1.1.1 36.91 116.81 153.72 NOTE
r-release-linux-x86_64 1.1.1 38.05 118.09 156.14 NOTE
r-release-macos-arm64 1.1.1 50.00 NOTE
r-release-macos-x86_64 1.1.1 87.00 NOTE
r-release-windows-x86_64 1.1.1 96.00 160.00 256.00 NOTE
r-oldrel-macos-arm64 1.1.1 59.00 NOTE
r-oldrel-macos-x86_64 1.1.1 93.00 NOTE
r-oldrel-windows-ix86+x86_64 1.1.1 101.00 207.00 308.00 NOTE

Check Details

Version: 1.1.1
Check: LazyData
Result: NOTE
     'LazyData' is specified without a 'data' directory
Flavors: r-devel-linux-x86_64-debian-clang, r-devel-linux-x86_64-debian-gcc, r-devel-linux-x86_64-fedora-clang, r-devel-linux-x86_64-fedora-gcc, r-devel-windows-x86_64, r-patched-linux-x86_64, r-release-linux-x86_64, r-release-macos-arm64, r-release-macos-x86_64, r-release-windows-x86_64, r-oldrel-macos-arm64, r-oldrel-macos-x86_64, r-oldrel-windows-ix86+x86_64