Last updated on 2022-05-26 20:49:17 CEST.
Flavor | Version | Tinstall | Tcheck | Ttotal | Status | Flags |
---|---|---|---|---|---|---|
r-devel-linux-x86_64-debian-clang | 0.2.0 | 63.54 | 39.51 | 103.05 | OK | |
r-devel-linux-x86_64-debian-gcc | 0.2.0 | 48.45 | 32.34 | 80.79 | OK | |
r-devel-linux-x86_64-fedora-clang | 0.2.0 | 156.33 | NOTE | |||
r-devel-linux-x86_64-fedora-gcc | 0.2.0 | 119.56 | NOTE | |||
r-devel-windows-x86_64 | 0.2.0 | 65.00 | 74.00 | 139.00 | OK | |
r-patched-linux-x86_64 | 0.2.0 | 52.09 | 37.72 | 89.81 | OK | |
r-release-linux-x86_64 | 0.2.0 | 49.31 | 38.34 | 87.65 | OK | |
r-release-macos-arm64 | 0.2.0 | 32.00 | NOTE | |||
r-release-macos-x86_64 | 0.2.0 | 47.00 | NOTE | |||
r-release-windows-x86_64 | 0.2.0 | 64.00 | 79.00 | 143.00 | OK | |
r-oldrel-macos-arm64 | 0.2.0 | 39.00 | NOTE | |||
r-oldrel-macos-x86_64 | 0.2.0 | 69.00 | NOTE | |||
r-oldrel-windows-ix86+x86_64 | 0.2.0 | 162.00 | 76.00 | 238.00 | OK |
Version: 0.2.0
Check: data for non-ASCII characters
Result: NOTE
Note: found 548 marked UTF-8 strings
Flavors: r-devel-linux-x86_64-fedora-clang, r-devel-linux-x86_64-fedora-gcc, r-release-macos-arm64, r-release-macos-x86_64, r-oldrel-macos-arm64, r-oldrel-macos-x86_64