CRAN Package Check Results for Package unmarked

Last updated on 2024-06-13 01:58:09 CEST.

Flavor Version Tinstall Tcheck Ttotal Status Flags
r-devel-linux-x86_64-debian-clang 1.4.1 565.83 327.10 892.93 NOTE
r-devel-linux-x86_64-debian-gcc 1.4.1 0.71 1.99 2.70 ERROR
r-devel-linux-x86_64-fedora-clang 1.4.1 1322.39 NOTE
r-devel-linux-x86_64-fedora-gcc 1.4.1 1365.70 NOTE
r-devel-windows-x86_64 1.4.1 416.00 316.00 732.00 NOTE
r-patched-linux-x86_64 1.4.1 395.12 417.32 812.44 NOTE
r-release-linux-x86_64 1.4.1 494.88 385.05 879.93 NOTE
r-release-macos-arm64 1.4.1 243.00 NOTE
r-release-macos-x86_64 1.4.1 296.00 NOTE
r-release-windows-x86_64 1.4.1 414.00 315.00 729.00 NOTE
r-oldrel-macos-arm64 1.4.1 217.00 NOTE
r-oldrel-macos-x86_64 1.4.1 387.00 NOTE
r-oldrel-windows-x86_64 1.4.1 522.00 386.00 908.00 NOTE

Additional issues

noRemap

Check Details

Version: 1.4.1
Check: for GNU extensions in Makefiles
Result: NOTE GNU make is a SystemRequirements. Flavors: r-devel-linux-x86_64-debian-clang, r-devel-linux-x86_64-fedora-clang, r-devel-linux-x86_64-fedora-gcc, r-devel-windows-x86_64, r-patched-linux-x86_64, r-release-linux-x86_64, r-release-macos-arm64, r-release-macos-x86_64, r-release-windows-x86_64, r-oldrel-macos-arm64, r-oldrel-macos-x86_64, r-oldrel-windows-x86_64

Version: 1.4.1
Check: package dependencies
Result: ERROR Package required but not available: ‘lme4’ Package suggested but not available for checking: ‘testthat’ See section ‘The DESCRIPTION file’ in the ‘Writing R Extensions’ manual. Flavor: r-devel-linux-x86_64-debian-gcc

Version: 1.4.1
Check: installed package size
Result: NOTE installed size is 6.2Mb sub-directories of 1Mb or more: R 1.4Mb doc 1.4Mb libs 2.5Mb Flavors: r-devel-linux-x86_64-fedora-clang, r-devel-windows-x86_64, r-release-macos-arm64, r-release-macos-x86_64, r-release-windows-x86_64, r-oldrel-macos-arm64, r-oldrel-macos-x86_64, r-oldrel-windows-x86_64