CRAN Package Check Results for Package unnest

Last updated on 2024-07-20 01:53:11 CEST.

Flavor Version Tinstall Tcheck Ttotal Status Flags
r-devel-linux-x86_64-debian-clang 0.0.5 13.58 44.15 57.73 NOTE
r-devel-linux-x86_64-debian-gcc 0.0.5 12.04 33.33 45.37 NOTE
r-devel-linux-x86_64-fedora-clang 0.0.5 84.49 NOTE
r-devel-linux-x86_64-fedora-gcc 0.0.5 90.43 NOTE
r-devel-windows-x86_64 0.0.5 16.00 79.00 95.00 NOTE
r-patched-linux-x86_64 0.0.5 15.86 40.71 56.57 OK
r-release-linux-x86_64 0.0.5 14.88 40.66 55.54 OK
r-release-macos-arm64 0.0.5 32.00 OK
r-release-macos-x86_64 0.0.5 47.00 OK
r-release-windows-x86_64 0.0.5 16.00 74.00 90.00 OK
r-oldrel-macos-arm64 0.0.5 41.00 OK
r-oldrel-macos-x86_64 0.0.5 88.00 OK
r-oldrel-windows-x86_64 0.0.5 14.00 83.00 97.00 OK

Additional issues

noRemap

Check Details

Version: 0.0.5
Check: compiled code
Result: NOTE File ‘unnest/libs/unnest.so’: Found non-API call to R: ‘STRING_PTR’ Compiled code should not call non-API entry points in R. See ‘Writing portable packages’ in the ‘Writing R Extensions’ manual, and section ‘Moving into C API compliance’ for issues with the use of non-API entry points. Flavors: r-devel-linux-x86_64-debian-clang, r-devel-linux-x86_64-debian-gcc, r-devel-linux-x86_64-fedora-clang, r-devel-linux-x86_64-fedora-gcc

Version: 0.0.5
Check: compiled code
Result: NOTE File 'unnest/libs/x64/unnest.dll': Found non-API call to R: 'STRING_PTR' Compiled code should not call non-API entry points in R. See 'Writing portable packages' in the 'Writing R Extensions' manual, and section 'Moving into C API compliance' for issues with the use of non-API entry points. Flavor: r-devel-windows-x86_64