CRAN Package Check Results for Package unsystation

Last updated on 2024-03-02 12:48:34 CET.

Flavor Version Tinstall Tcheck Ttotal Status Flags
r-devel-linux-x86_64-debian-clang 0.2.0 28.85 28.40 57.25 NOTE
r-devel-linux-x86_64-debian-gcc 0.2.0 27.66 21.88 49.54 NOTE
r-devel-linux-x86_64-fedora-clang 0.2.0 88.40 NOTE
r-devel-linux-x86_64-fedora-gcc 0.2.0 85.60 NOTE
r-devel-windows-x86_64 0.2.0 29.00 58.00 87.00 NOTE
r-patched-linux-x86_64 0.2.0 38.02 27.48 65.50 NOTE
r-release-linux-x86_64 0.2.0 31.12 27.51 58.63 NOTE
r-release-macos-arm64 0.2.0 26.00 NOTE
r-release-macos-x86_64 0.2.0 39.00 NOTE
r-release-windows-x86_64 0.2.0 37.00 69.00 106.00 NOTE
r-oldrel-macos-arm64 0.2.0 29.00 NOTE
r-oldrel-windows-x86_64 0.2.0 34.00 87.00 121.00 NOTE

Check Details

Version: 0.2.0
Check: LazyData
Result: NOTE 'LazyData' is specified without a 'data' directory Flavors: r-devel-linux-x86_64-debian-clang, r-devel-linux-x86_64-debian-gcc, r-devel-linux-x86_64-fedora-clang, r-devel-linux-x86_64-fedora-gcc, r-devel-windows-x86_64, r-patched-linux-x86_64, r-release-linux-x86_64, r-release-macos-arm64, r-release-macos-x86_64, r-release-windows-x86_64, r-oldrel-macos-arm64, r-oldrel-windows-x86_64