CRAN Package Check Results for Package urca

Last updated on 2021-04-23 08:47:43 CEST.

Flavor Version Tinstall Tcheck Ttotal Status Flags
r-devel-linux-x86_64-debian-clang 1.3-0 10.11 62.48 72.59 OK
r-devel-linux-x86_64-debian-gcc 1.3-0 7.92 48.15 56.07 OK
r-devel-linux-x86_64-fedora-clang 1.3-0 95.14 NOTE
r-devel-linux-x86_64-fedora-gcc 1.3-0 88.11 NOTE
r-devel-windows-ix86+x86_64 1.3-0 24.00 106.00 130.00 OK
r-devel-windows-x86_64-gcc10-UCRT 1.3-0 OK
r-patched-linux-x86_64 1.3-0 11.04 60.30 71.34 OK
r-patched-solaris-x86 1.3-0 117.20 OK
r-release-linux-x86_64 1.3-0 10.42 59.05 69.47 OK
r-release-macos-x86_64 1.3-0 OK
r-release-windows-ix86+x86_64 1.3-0 22.00 101.00 123.00 OK
r-oldrel-macos-x86_64 1.3-0 OK
r-oldrel-windows-ix86+x86_64 1.3-0 15.00 87.00 102.00 OK

Check Details

Version: 1.3-0
Check: compiled code
Result: NOTE
    File ‘urca/libs/urca.so’:
     Found no calls to: ‘R_registerRoutines’, ‘R_useDynamicSymbols’
    
    It is good practice to register native routines and to disable symbol
    search.
    
    See ‘Writing portable packages’ in the ‘Writing R Extensions’ manual.
Flavors: r-devel-linux-x86_64-fedora-clang, r-devel-linux-x86_64-fedora-gcc