CRAN Package Check Results for Package urlchecker

Last updated on 2023-12-03 07:52:15 CET.

Flavor Version Tinstall Tcheck Ttotal Status Flags
r-devel-linux-x86_64-debian-clang 1.0.1 2.38 20.64 23.02 OK
r-devel-linux-x86_64-debian-gcc 1.0.1 1.39 16.57 17.96 OK
r-devel-linux-x86_64-fedora-clang 1.0.1 30.31 NOTE
r-devel-linux-x86_64-fedora-gcc 1.0.1 28.24 NOTE
r-devel-windows-x86_64 1.0.1 4.00 39.00 43.00 OK
r-patched-linux-x86_64 1.0.1 1.61 21.08 22.69 OK
r-release-linux-x86_64 1.0.1 2.05 20.90 22.95 OK
r-release-macos-arm64 1.0.1 15.00 OK
r-release-macos-x86_64 1.0.1 19.00 OK
r-release-windows-x86_64 1.0.1 3.00 37.00 40.00 OK
r-oldrel-macos-arm64 1.0.1 14.00 OK
r-oldrel-macos-x86_64 1.0.1 21.00 NOTE
r-oldrel-windows-x86_64 1.0.1 4.00 42.00 46.00 OK

Check Details

Version: 1.0.1
Check: dependencies in R code
Result: NOTE Namespace in Imports field not imported from: ‘xml2’ All declared Imports should be used. Flavors: r-devel-linux-x86_64-fedora-clang, r-devel-linux-x86_64-fedora-gcc, r-oldrel-macos-x86_64