CRAN Package Check Results for Package urlshorteneR

Last updated on 2018-10-16 09:49:22 CEST.

Flavor Version Tinstall Tcheck Ttotal Status Flags
r-devel-linux-x86_64-debian-clang 0.9.2 1.57 27.66 29.23 OK
r-devel-linux-x86_64-debian-gcc 0.9.2 1.17 21.72 22.89 OK
r-devel-linux-x86_64-fedora-clang 0.9.2 34.28 OK
r-devel-linux-x86_64-fedora-gcc 0.9.2 34.50 OK
r-devel-windows-ix86+x86_64 0.9.2 7.00 37.00 44.00 OK
r-patched-linux-x86_64 0.9.2 1.71 24.24 25.95 OK
r-patched-solaris-x86 0.9.2 53.30 OK
r-release-linux-x86_64 0.9.2 1.28 24.64 25.92 OK
r-release-windows-ix86+x86_64 0.9.2 4.00 62.00 66.00 OK
r-release-osx-x86_64 0.9.2 OK
r-oldrel-windows-ix86+x86_64 0.9.2 5.00 42.00 47.00 OK
r-oldrel-osx-x86_64 0.9.2 WARN

Check Details

Version: 0.9.2
Check: re-building of vignette outputs
Result: WARN
    Error in re-building vignettes:
     ...
    Warning in engine$weave(file, quiet = quiet, encoding = enc) :
     Pandoc (>= 1.12.3) and/or pandoc-citeproc not available. Falling back to R Markdown v1.
    Quitting from lines 126-127 (Tutorial.Rmd)
    Error: processing vignette 'Tutorial.Rmd' failed with diagnostics:
    lexical error: invalid char in json text.
     <!DOCTYPE html PUBLIC "-//W3C//
     (right here) ------^
    Execution halted
Flavor: r-oldrel-osx-x86_64