CRAN Package Check Results for Package urlshorteneR

Last updated on 2018-08-17 13:46:47 CEST.

Flavor Version Tinstall Tcheck Ttotal Status Flags
r-devel-linux-x86_64-debian-clang 0.9.2 1.46 26.77 28.23 OK
r-devel-linux-x86_64-debian-gcc 0.9.2 1.41 21.89 23.30 OK
r-devel-linux-x86_64-fedora-clang 0.9.2 33.69 OK
r-devel-linux-x86_64-fedora-gcc 0.9.2 31.94 OK
r-devel-windows-ix86+x86_64 0.9.2 7.00 55.00 62.00 OK
r-patched-linux-x86_64 0.9.2 1.50 24.66 26.16 OK
r-patched-solaris-x86 0.9.2 53.70 OK
r-release-linux-x86_64 0.9.2 1.48 24.63 26.11 OK
r-release-windows-ix86+x86_64 0.9.2 7.00 57.00 64.00 OK
r-release-osx-x86_64 0.9.2 OK
r-oldrel-windows-ix86+x86_64 0.9.2 5.00 43.00 48.00 OK
r-oldrel-osx-x86_64 0.9.2 WARN

Check Details

Version: 0.9.2
Check: re-building of vignette outputs
Result: WARN
    Error in re-building vignettes:
     ...
    Warning in engine$weave(file, quiet = quiet, encoding = enc) :
     Pandoc (>= 1.12.3) and/or pandoc-citeproc not available. Falling back to R Markdown v1.
    Quitting from lines 126-127 (Tutorial.Rmd)
    Error: processing vignette 'Tutorial.Rmd' failed with diagnostics:
    lexical error: invalid char in json text.
     <!DOCTYPE html PUBLIC "-//W3C//
     (right here) ------^
    Execution halted
Flavor: r-oldrel-osx-x86_64