CRAN Package Check Results for Package urlshorteneR

Last updated on 2019-01-22 05:49:34 CET.

Flavor Version Tinstall Tcheck Ttotal Status Flags
r-devel-linux-x86_64-debian-clang 0.9.2 1.29 27.17 28.46 OK
r-devel-linux-x86_64-debian-gcc 0.9.2 1.38 21.89 23.27 OK
r-devel-linux-x86_64-fedora-clang 0.9.2 34.55 OK
r-devel-linux-x86_64-fedora-gcc 0.9.2 32.11 OK
r-devel-windows-ix86+x86_64 0.9.2 5.00 42.00 47.00 OK
r-patched-linux-x86_64 0.9.2 1.82 25.17 26.99 OK
r-patched-solaris-x86 0.9.2 56.90 OK
r-release-linux-x86_64 0.9.2 1.17 25.11 26.28 OK
r-release-windows-ix86+x86_64 0.9.2 6.00 59.00 65.00 OK
r-release-osx-x86_64 0.9.2 OK
r-oldrel-windows-ix86+x86_64 0.9.2 6.00 45.00 51.00 OK
r-oldrel-osx-x86_64 0.9.2 WARN

Check Details

Version: 0.9.2
Check: re-building of vignette outputs
Result: WARN
    Error in re-building vignettes:
     ...
    Warning in engine$weave(file, quiet = quiet, encoding = enc) :
     Pandoc (>= 1.12.3) and/or pandoc-citeproc not available. Falling back to R Markdown v1.
    Quitting from lines 126-127 (Tutorial.Rmd)
    Error: processing vignette 'Tutorial.Rmd' failed with diagnostics:
    lexical error: invalid char in json text.
     <!DOCTYPE html PUBLIC "-//W3C//
     (right here) ------^
    Execution halted
Flavor: r-oldrel-osx-x86_64