CRAN Package Check Results for Package urlshorteneR

Last updated on 2018-02-25 05:47:50 CET.

Flavor Version Tinstall Tcheck Ttotal Status Flags
r-devel-linux-x86_64-debian-clang 0.9.2 1.71 24.52 26.23 OK
r-devel-linux-x86_64-debian-gcc 0.9.2 1.16 19.70 20.86 OK
r-devel-linux-x86_64-fedora-clang 0.9.2 31.94 OK
r-devel-linux-x86_64-fedora-gcc 0.9.2 30.22 OK
r-devel-windows-ix86+x86_64 0.9.2 8.00 53.00 61.00 OK
r-patched-linux-x86_64 0.9.2 1.21 26.06 27.27 OK
r-patched-solaris-x86 0.9.2 45.60 OK
r-release-linux-x86_64 0.9.2 1.37 26.16 27.53 OK
r-release-windows-ix86+x86_64 0.9.2 3.00 48.00 51.00 OK
r-release-osx-x86_64 0.9.2 WARN
r-oldrel-windows-ix86+x86_64 0.9.2 3.00 42.00 45.00 OK
r-oldrel-osx-x86_64 0.9.2 OK

Check Details

Version: 0.9.2
Check: re-building of vignette outputs
Result: WARN
    Error in re-building vignettes:
     ...
    Warning in engine$weave(file, quiet = quiet, encoding = enc) :
     Pandoc (>= 1.12.3) and/or pandoc-citeproc not available. Falling back to R Markdown v1.
    Quitting from lines 126-127 (Tutorial.Rmd)
    Error: processing vignette 'Tutorial.Rmd' failed with diagnostics:
    lexical error: invalid char in json text.
     <!DOCTYPE html PUBLIC "-//W3C//
     (right here) ------^
    Execution halted
Flavor: r-release-osx-x86_64