CRAN Package Check Results for Package us.census.geoheader

Last updated on 2022-12-10 07:57:07 CET.

Flavor Version Tinstall Tcheck Ttotal Status Flags
r-devel-linux-x86_64-debian-clang 1.0.2 2.02 25.49 27.51 NOTE
r-devel-linux-x86_64-debian-gcc 1.0.2 1.72 19.82 21.54 NOTE
r-devel-linux-x86_64-fedora-clang 1.0.2 45.64 NOTE
r-devel-linux-x86_64-fedora-gcc 1.0.2 55.07 NOTE
r-devel-windows-x86_64 1.0.2 31.00 56.00 87.00 NOTE
r-patched-linux-x86_64 1.0.2 1.86 24.84 26.70 NOTE
r-release-linux-x86_64 1.0.2 1.48 24.47 25.95 NOTE
r-release-macos-arm64 1.0.2 14.00 NOTE
r-release-macos-x86_64 1.0.2 23.00 NOTE
r-release-windows-x86_64 1.0.2 31.00 56.00 87.00 NOTE
r-oldrel-macos-arm64 1.0.2 23.00 NOTE
r-oldrel-macos-x86_64 1.0.2 25.00 NOTE
r-oldrel-windows-ix86+x86_64 1.0.2 6.00 52.00 58.00 NOTE

Check Details

Version: 1.0.2
Check: LazyData
Result: NOTE
     'LazyData' is specified without a 'data' directory
Flavors: r-devel-linux-x86_64-debian-clang, r-devel-linux-x86_64-debian-gcc, r-devel-linux-x86_64-fedora-clang, r-devel-linux-x86_64-fedora-gcc, r-devel-windows-x86_64, r-patched-linux-x86_64, r-release-linux-x86_64, r-release-macos-arm64, r-release-macos-x86_64, r-release-windows-x86_64, r-oldrel-macos-arm64, r-oldrel-macos-x86_64, r-oldrel-windows-ix86+x86_64