CRAN Package Check Results for Package usdampr

Last updated on 2024-02-27 07:55:04 CET.

Flavor Version Tinstall Tcheck Ttotal Status Flags
r-devel-linux-x86_64-debian-clang 1.0.1 1.69 21.61 23.30 OK
r-devel-linux-x86_64-debian-gcc 1.0.1 1.53 17.21 18.74 OK
r-devel-linux-x86_64-fedora-clang 1.0.1 30.03 NOTE
r-devel-linux-x86_64-fedora-gcc 1.0.1 28.88 NOTE
r-devel-windows-x86_64 1.0.1 3.00 39.00 42.00 OK
r-patched-linux-x86_64 1.0.1 1.86 21.64 23.50 OK
r-release-linux-x86_64 1.0.1 1.40 21.53 22.93 OK
r-release-macos-arm64 1.0.1 16.00 OK
r-release-macos-x86_64 1.0.1 20.00 OK
r-release-windows-x86_64 1.0.1 4.00 42.00 46.00 OK
r-oldrel-macos-arm64 1.0.1 16.00 NOTE
r-oldrel-windows-x86_64 1.0.1 4.00 43.00 47.00 OK

Check Details

Version: 1.0.1
Check: data for non-ASCII characters
Result: NOTE Note: found 2 marked UTF-8 strings Flavors: r-devel-linux-x86_64-fedora-clang, r-devel-linux-x86_64-fedora-gcc, r-oldrel-macos-arm64