CRAN Package Check Results for Package userfriendlyscience

Last updated on 2020-07-07 07:48:18 CEST.

Flavor Version Tinstall Tcheck Ttotal Status Flags
r-devel-linux-x86_64-debian-clang 0.7.2 37.75 249.33 287.08 OK
r-devel-linux-x86_64-debian-gcc 0.7.2 28.70 187.40 216.10 OK
r-devel-linux-x86_64-fedora-clang 0.7.2 345.11 NOTE
r-devel-linux-x86_64-fedora-gcc 0.7.2 348.93 OK
r-devel-windows-ix86+x86_64 0.7.2 51.00 297.00 348.00 OK
r-patched-linux-x86_64 0.7.2 33.32 246.76 280.08 OK
r-patched-solaris-x86 0.7.2 423.20 OK
r-release-linux-x86_64 0.7.2 37.84 246.47 284.31 OK
r-release-osx-x86_64 0.7.2 OK
r-release-windows-ix86+x86_64 0.7.2 53.00 257.00 310.00 OK
r-oldrel-osx-x86_64 0.7.2 OK
r-oldrel-windows-ix86+x86_64 0.7.2 86.00 340.00 426.00 OK

Check Details

Version: 0.7.2
Check: package dependencies
Result: NOTE
    Imports includes 32 non-default packages.
    Importing from so many packages makes the package vulnerable to any of
    them becoming unavailable. Move as many as possible to Suggests and
    use conditionally.
Flavor: r-devel-linux-x86_64-fedora-clang