CRAN Package Check Results for Package userfriendlyscience

Last updated on 2017-11-23 02:48:04 CET.

Flavor Version Tinstall Tcheck Ttotal Status Flags
r-devel-linux-x86_64-debian-clang 0.7.0 8.13 249.63 257.76 OK
r-devel-linux-x86_64-debian-gcc 0.7.0 8.10 305.01 313.12 OK
r-devel-linux-x86_64-fedora-clang 0.7.0 294.71 OK
r-devel-linux-x86_64-fedora-gcc 0.7.0 200.12 OK
r-devel-windows-ix86+x86_64 0.7.0 26.00 240.00 266.00 OK
r-patched-linux-x86_64 0.7.0 8.64 165.64 174.28 OK
r-patched-solaris-x86 0.7.0 346.60 OK
r-release-linux-x86_64 0.7.0 8.86 162.32 171.18 OK
r-release-windows-ix86+x86_64 0.7.0 26.00 255.00 281.00 ERROR
r-release-osx-x86_64 0.7.0 OK
r-oldrel-windows-ix86+x86_64 0.7.0 5.00 7.00 12.00 ERROR
r-oldrel-osx-x86_64 0.7.0 OK

Check Details

Version: 0.7.0
Check: whether package can be installed
Result: ERROR
    Installation failed.
Flavors: r-release-windows-ix86+x86_64, r-oldrel-windows-ix86+x86_64