CRAN Package Check Results for Package userfriendlyscience

Last updated on 2021-01-20 21:49:06 CET.

Flavor Version Tinstall Tcheck Ttotal Status Flags
r-devel-linux-x86_64-debian-clang 0.7.2 34.05 275.57 309.62 OK
r-devel-linux-x86_64-debian-gcc 0.7.2 28.04 201.70 229.74 OK
r-devel-linux-x86_64-fedora-clang 0.7.2 383.44 NOTE
r-devel-linux-x86_64-fedora-gcc 0.7.2 368.19 OK
r-devel-windows-ix86+x86_64 0.7.2 51.00 288.00 339.00 OK
r-patched-linux-x86_64 0.7.2 24.80 245.26 270.06 OK
r-patched-solaris-x86 0.7.2 432.60 OK
r-release-linux-x86_64 0.7.2 24.61 249.43 274.04 OK
r-release-macos-x86_64 0.7.2 OK
r-release-windows-ix86+x86_64 0.7.2 71.00 355.00 426.00 OK
r-oldrel-macos-x86_64 0.7.2 OK
r-oldrel-windows-ix86+x86_64 0.7.2 40.00 245.00 285.00 OK

Check Details

Version: 0.7.2
Check: package dependencies
Result: NOTE
    Imports includes 32 non-default packages.
    Importing from so many packages makes the package vulnerable to any of
    them becoming unavailable. Move as many as possible to Suggests and
    use conditionally.
Flavor: r-devel-linux-x86_64-fedora-clang