CRAN Package Check Results for Package userfriendlyscience

Last updated on 2020-04-02 22:51:14 CEST.

Flavor Version Tinstall Tcheck Ttotal Status Flags
r-devel-linux-x86_64-debian-clang 0.7.2 36.94 264.33 301.27 OK
r-devel-linux-x86_64-debian-gcc 0.7.2 32.06 196.57 228.63 OK
r-devel-linux-x86_64-fedora-clang 0.7.2 343.53 NOTE
r-devel-linux-x86_64-fedora-gcc 0.7.2 340.27 OK
r-devel-windows-ix86+x86_64 0.7.2 49.00 255.00 304.00 OK
r-devel-windows-ix86+x86_64-gcc8 0.7.2 59.00 261.00 320.00 OK
r-patched-linux-x86_64 0.7.2 35.35 250.55 285.90 OK
r-patched-solaris-x86 0.7.2 482.10 OK
r-release-linux-x86_64 0.7.2 34.12 231.28 265.40 OK
r-release-windows-ix86+x86_64 0.7.2 58.00 288.00 346.00 OK
r-release-osx-x86_64 0.7.2 OK
r-oldrel-windows-ix86+x86_64 0.7.2 48.00 251.00 299.00 OK
r-oldrel-osx-x86_64 0.7.2 OK

Check Details

Version: 0.7.2
Check: package dependencies
Result: NOTE
    Imports includes 32 non-default packages.
    Importing from so many packages makes the package vulnerable to any of
    them becoming unavailable. Move as many as possible to Suggests and
    use conditionally.
Flavor: r-devel-linux-x86_64-fedora-clang