CRAN Package Check Results for Package userfriendlyscience

Last updated on 2020-09-26 13:49:07 CEST.

Flavor Version Tinstall Tcheck Ttotal Status Flags
r-devel-linux-x86_64-debian-clang 0.7.2 27.90 268.81 296.71 OK
r-devel-linux-x86_64-debian-gcc 0.7.2 26.81 198.40 225.21 OK
r-devel-linux-x86_64-fedora-clang 0.7.2 422.46 NOTE
r-devel-linux-x86_64-fedora-gcc 0.7.2 363.79 OK
r-devel-windows-ix86+x86_64 0.7.2 67.00 323.00 390.00 OK
r-patched-linux-x86_64 0.7.2 27.13 246.22 273.35 OK
r-patched-solaris-x86 0.7.2 412.10 OK
r-release-linux-x86_64 0.7.2 27.39 248.60 275.99 OK
r-release-macos-x86_64 0.7.2 OK
r-release-windows-ix86+x86_64 0.7.2 68.00 323.00 391.00 OK
r-oldrel-macos-x86_64 0.7.2 OK
r-oldrel-windows-ix86+x86_64 0.7.2 60.00 301.00 361.00 OK

Check Details

Version: 0.7.2
Check: package dependencies
Result: NOTE
    Imports includes 32 non-default packages.
    Importing from so many packages makes the package vulnerable to any of
    them becoming unavailable. Move as many as possible to Suggests and
    use conditionally.
Flavor: r-devel-linux-x86_64-fedora-clang