CRAN Package Check Results for Package usethis

Last updated on 2023-10-02 02:00:38 CEST.

Flavor Version Tinstall Tcheck Ttotal Status Flags
r-devel-linux-x86_64-debian-clang 2.2.2 11.00 169.06 180.06 NOTE
r-devel-linux-x86_64-debian-gcc 2.2.2 10.99 124.16 135.15 NOTE
r-devel-linux-x86_64-fedora-clang 2.2.2 171.97 NOTE
r-devel-linux-x86_64-fedora-gcc 2.2.2 148.18 NOTE
r-devel-windows-x86_64 2.2.2 13.00 204.00 217.00 NOTE
r-patched-linux-x86_64 2.2.2 14.11 161.94 176.05 OK
r-release-linux-x86_64 2.2.2 10.93 157.23 168.16 OK
r-release-macos-arm64 2.2.2 63.00 OK
r-release-macos-x86_64 2.2.2 204.00 OK
r-release-windows-x86_64 2.2.2 17.00 303.00 320.00 OK
r-oldrel-macos-arm64 2.2.2 70.00 OK
r-oldrel-macos-x86_64 2.2.2 89.00 OK
r-oldrel-windows-x86_64 2.2.2 17.00 442.00 459.00 OK

Check Details

Version: 2.2.2
Check: Rd \usage sections
Result: NOTE
    Documented arguments not in \usage in documentation object 'use_course_details':
     ‘destdir’ ‘zipfile’
    
    Documented arguments not in \usage in documentation object 'write-this':
     ‘contents’
    
    Functions with \usage entries need to have the appropriate \alias
    entries, and all their arguments documented.
    The \usage entries must correspond to syntactically valid R code.
    See chapter ‘Writing R documentation files’ in the ‘Writing R
    Extensions’ manual.
Flavors: r-devel-linux-x86_64-debian-clang, r-devel-linux-x86_64-debian-gcc, r-devel-linux-x86_64-fedora-clang, r-devel-linux-x86_64-fedora-gcc, r-devel-windows-x86_64

Version: 2.2.2
Check: Rd cross-references
Result: NOTE
    Undeclared package ‘devtools’ in Rd xrefs
Flavor: r-devel-linux-x86_64-fedora-clang