CRAN Package Check Results for Package usfertilizer

Last updated on 2022-08-18 02:53:33 CEST.

Flavor Version Tinstall Tcheck Ttotal Status Flags
r-devel-linux-x86_64-debian-clang 0.1.5 2.29 51.64 53.93 OK
r-devel-linux-x86_64-debian-gcc 0.1.5 OK
r-devel-linux-x86_64-fedora-clang 0.1.5 79.78 NOTE
r-devel-linux-x86_64-fedora-gcc 0.1.5 78.05 NOTE
r-devel-windows-x86_64 0.1.5 11.00 88.00 99.00 OK
r-patched-linux-x86_64 0.1.5 2.12 48.67 50.79 OK
r-release-linux-x86_64 0.1.5 1.96 49.41 51.37 OK
r-release-macos-arm64 0.1.5 29.00 NOTE
r-release-macos-x86_64 0.1.5 46.00 NOTE
r-release-windows-x86_64 0.1.5 6.00 86.00 92.00 OK
r-oldrel-macos-arm64 0.1.5 29.00 NOTE
r-oldrel-macos-x86_64 0.1.5 47.00 NOTE
r-oldrel-windows-ix86+x86_64 0.1.5 7.00 187.00 194.00 OK

Check Details

Version: 0.1.5
Check: dependencies in R code
Result: NOTE
    Namespace in Imports field not imported from: ‘tidyverse’
     All declared Imports should be used.
Flavors: r-devel-linux-x86_64-fedora-clang, r-devel-linux-x86_64-fedora-gcc, r-release-macos-arm64, r-release-macos-x86_64, r-oldrel-macos-arm64, r-oldrel-macos-x86_64