CRAN Package Check Results for Package usmap

Last updated on 2018-02-24 18:49:21 CET.

Flavor Version Tinstall Tcheck Ttotal Status Flags
r-devel-linux-x86_64-debian-clang 0.2.1 1.72 35.22 36.94 OK
r-devel-linux-x86_64-debian-gcc 0.2.1 1.33 28.07 29.40 OK
r-devel-linux-x86_64-fedora-clang 0.2.1 43.29 NOTE
r-devel-linux-x86_64-fedora-gcc 0.2.1 41.34 NOTE
r-devel-windows-ix86+x86_64 0.2.1 5.00 63.00 68.00 NOTE
r-patched-linux-x86_64 0.2.1 1.50 44.15 45.65 OK
r-patched-solaris-x86 0.2.1 75.30 NOTE
r-release-linux-x86_64 0.2.1 1.26 43.83 45.09 OK
r-release-windows-ix86+x86_64 0.2.1 4.00 77.00 81.00 NOTE
r-release-osx-x86_64 0.2.1 NOTE
r-oldrel-windows-ix86+x86_64 0.2.1 3.00 51.00 54.00 NOTE
r-oldrel-osx-x86_64 0.2.1 NOTE

Check Details

Version: 0.2.1
Check: installed package size
Result: NOTE
     installed size is 7.0Mb
     sub-directories of 1Mb or more:
     extdata 6.2Mb
Flavors: r-devel-linux-x86_64-fedora-clang, r-devel-linux-x86_64-fedora-gcc, r-devel-windows-ix86+x86_64, r-patched-solaris-x86, r-release-windows-ix86+x86_64, r-release-osx-x86_64, r-oldrel-windows-ix86+x86_64, r-oldrel-osx-x86_64

Version: 0.2.1
Check: data for non-ASCII characters
Result: NOTE
     Note: found 1 marked UTF-8 string
Flavors: r-devel-linux-x86_64-fedora-clang, r-devel-linux-x86_64-fedora-gcc, r-patched-solaris-x86, r-release-osx-x86_64, r-oldrel-osx-x86_64