CRAN Package Check Results for Package usmap

Last updated on 2018-05-27 12:48:23 CEST.

Flavor Version Tinstall Tcheck Ttotal Status Flags
r-devel-linux-x86_64-debian-clang 0.2.1 1.38 36.95 38.33 OK
r-devel-linux-x86_64-debian-gcc 0.2.1 1.27 28.94 30.21 OK
r-devel-linux-x86_64-fedora-clang 0.2.1 45.31 NOTE
r-devel-linux-x86_64-fedora-gcc 0.2.1 42.96 NOTE
r-devel-windows-ix86+x86_64 0.2.1 4.00 46.00 50.00 NOTE
r-patched-linux-x86_64 0.2.1 1.44 34.72 36.16 OK
r-patched-solaris-x86 0.2.1 68.70 NOTE
r-release-linux-x86_64 0.2.1 1.24 35.07 36.31 OK
r-release-windows-ix86+x86_64 0.2.1 6.00 70.00 76.00 NOTE
r-release-osx-x86_64 0.2.1 NOTE
r-oldrel-windows-ix86+x86_64 0.2.1 6.00 58.00 64.00 NOTE
r-oldrel-osx-x86_64 0.2.1 NOTE

Check Details

Version: 0.2.1
Check: installed package size
Result: NOTE
     installed size is 7.0Mb
     sub-directories of 1Mb or more:
     extdata 6.2Mb
Flavors: r-devel-linux-x86_64-fedora-clang, r-devel-linux-x86_64-fedora-gcc, r-devel-windows-ix86+x86_64, r-patched-solaris-x86, r-release-windows-ix86+x86_64, r-release-osx-x86_64, r-oldrel-windows-ix86+x86_64, r-oldrel-osx-x86_64

Version: 0.2.1
Check: data for non-ASCII characters
Result: NOTE
     Note: found 1 marked UTF-8 string
Flavors: r-devel-linux-x86_64-fedora-clang, r-devel-linux-x86_64-fedora-gcc, r-patched-solaris-x86, r-release-osx-x86_64, r-oldrel-osx-x86_64