CRAN Package Check Results for Package usmap

Last updated on 2018-08-17 00:50:08 CEST.

Flavor Version Tinstall Tcheck Ttotal Status Flags
r-devel-linux-x86_64-debian-clang 0.3.0 2.16 38.75 40.91 OK
r-devel-linux-x86_64-debian-gcc 0.3.0 1.58 31.13 32.71 OK
r-devel-linux-x86_64-fedora-clang 0.3.0 48.19 NOTE
r-devel-linux-x86_64-fedora-gcc 0.3.0 45.81 NOTE
r-devel-windows-ix86+x86_64 0.3.0 5.00 65.00 70.00 NOTE
r-patched-linux-x86_64 0.3.0 1.75 35.49 37.24 OK
r-patched-solaris-x86 0.3.0 70.70 NOTE
r-release-linux-x86_64 0.3.0 1.72 35.47 37.19 OK
r-release-windows-ix86+x86_64 0.3.0 6.00 64.00 70.00 NOTE
r-release-osx-x86_64 0.3.0 NOTE
r-oldrel-windows-ix86+x86_64 0.3.0 6.00 69.00 75.00 NOTE
r-oldrel-osx-x86_64 0.3.0 NOTE

Check Details

Version: 0.3.0
Check: installed package size
Result: NOTE
     installed size is 7.0Mb
     sub-directories of 1Mb or more:
     extdata 6.2Mb
Flavors: r-devel-linux-x86_64-fedora-clang, r-devel-windows-ix86+x86_64, r-patched-solaris-x86, r-release-windows-ix86+x86_64, r-release-osx-x86_64, r-oldrel-windows-ix86+x86_64, r-oldrel-osx-x86_64

Version: 0.3.0
Check: data for non-ASCII characters
Result: NOTE
     Note: found 1 marked UTF-8 string
Flavors: r-devel-linux-x86_64-fedora-clang, r-devel-linux-x86_64-fedora-gcc, r-patched-solaris-x86, r-release-osx-x86_64, r-oldrel-osx-x86_64