CRAN Package Check Results for Package usmapdata

Last updated on 2022-12-10 08:53:47 CET.

Flavor Version Tinstall Tcheck Ttotal Status Flags
r-devel-linux-x86_64-debian-clang 0.1.0 2.72 24.67 27.39 OK
r-devel-linux-x86_64-debian-gcc 0.1.0 2.08 19.92 22.00 OK
r-devel-linux-x86_64-fedora-clang 0.1.0 44.85 NOTE
r-devel-linux-x86_64-fedora-gcc 0.1.0 42.85 OK
r-devel-windows-x86_64 0.1.0 15.00 59.00 74.00 NOTE
r-patched-linux-x86_64 0.1.0 2.57 23.34 25.91 OK
r-release-linux-x86_64 0.1.0 2.26 24.42 26.68 OK
r-release-macos-arm64 0.1.0 17.00 NOTE
r-release-macos-x86_64 0.1.0 23.00 NOTE
r-release-windows-x86_64 0.1.0 15.00 57.00 72.00 NOTE
r-oldrel-macos-arm64 0.1.0 17.00 NOTE
r-oldrel-macos-x86_64 0.1.0 23.00 NOTE
r-oldrel-windows-ix86+x86_64 0.1.0 5.00 51.00 56.00 NOTE

Check Details

Version: 0.1.0
Check: installed package size
Result: NOTE
     installed size is 6.7Mb
     sub-directories of 1Mb or more:
     extdata 6.6Mb
Flavors: r-devel-linux-x86_64-fedora-clang, r-devel-windows-x86_64, r-release-macos-arm64, r-release-macos-x86_64, r-release-windows-x86_64, r-oldrel-macos-arm64, r-oldrel-macos-x86_64, r-oldrel-windows-ix86+x86_64