CRAN Package Check Results for Package utf8

Last updated on 2019-11-16 00:51:21 CET.

Flavor Version Tinstall Tcheck Ttotal Status Flags
r-devel-linux-x86_64-debian-clang 1.1.4 8.05 26.07 34.12 OK
r-devel-linux-x86_64-debian-gcc 1.1.4 4.81 20.27 25.08 OK
r-devel-linux-x86_64-fedora-clang 1.1.4 44.59 OK
r-devel-linux-x86_64-fedora-gcc 1.1.4 40.35 OK
r-devel-windows-ix86+x86_64 1.1.4 60.00 52.00 112.00 OK
r-patched-linux-x86_64 1.1.4 5.21 24.53 29.74 OK
r-patched-solaris-x86 1.1.4 59.20 WARN
r-release-linux-x86_64 1.1.4 5.30 24.31 29.61 OK
r-release-windows-ix86+x86_64 1.1.4 46.00 63.00 109.00 OK
r-release-osx-x86_64 1.1.4 OK
r-oldrel-windows-ix86+x86_64 1.1.4 68.00 61.00 129.00 OK
r-oldrel-osx-x86_64 1.1.4 OK

Check Details

Version: 1.1.4
Check: for unstated dependencies in ‘tests’
Result: WARN
    Warning in deparse(e[[2L]]) :
     it is not known that wchar_t is Unicode on this platform
    Warning in deparse(e[[2L]]) :
     it is not known that wchar_t is Unicode on this platform
    Warning in deparse(e[[2L]]) :
     it is not known that wchar_t is Unicode on this platform
    Warning in deparse(e[[2L]]) :
     it is not known that wchar_t is Unicode on this platform
    Warning in deparse(e[[2L]]) :
     it is not known that wchar_t is Unicode on this platform
    Warning in deparse(e[[2L]]) :
     it is not known that wchar_t is Unicode on this platform
    Warning in deparse(e[[2L]]) :
     it is not known that wchar_t is Unicode on this platform
    Warning in deparse(e[[2L]]) :
     it is not known that wchar_t is Unicode on this platform
    Warning in deparse(e[[2L]]) :
     it is not known that wchar_t is Unicode on this platform
    Warning in deparse(e[[2L]]) :
     it is not known that wchar_t is Unicode on this platform
    Warning in deparse(e[[2L]]) :
     it is not known that wchar_t is Unicode on this platform
    Warning in deparse(e[[2L]]) :
     it is not known that wchar_t is Unicode on this platform
    Warning in deparse(e[[2L]]) :
     it is not known that wchar_t is Unicode on this platform
    Warning in deparse(e[[2L]]) :
     it is not known that wchar_t is Unicode on this platform
    Warning in deparse(e[[2L]]) :
     it is not known that wchar_t is Unicode on this platform
    Warning in deparse(e[[2L]]) :
     it is not known that wchar_t is Unicode on this platform
Flavor: r-patched-solaris-x86