CRAN Package Check Results for Package utile.tools

Last updated on 2020-01-19 16:47:52 CET.

Flavor Version Tinstall Tcheck Ttotal Status Flags
r-devel-linux-x86_64-debian-clang 0.2.3 2.21 23.74 25.95 OK
r-devel-linux-x86_64-debian-gcc 0.2.3 2.00 18.62 20.62 OK
r-devel-linux-x86_64-fedora-clang 0.2.3 32.05 NOTE
r-devel-linux-x86_64-fedora-gcc 0.2.3 30.44 NOTE
r-devel-windows-ix86+x86_64 0.2.3 12.00 49.00 61.00 OK
r-devel-windows-ix86+x86_64-gcc8 0.2.3 8.00 58.00 66.00 OK
r-patched-linux-x86_64 0.2.3 2.03 21.75 23.78 OK
r-patched-solaris-x86 0.2.3 46.40 NOTE
r-release-linux-x86_64 0.2.3 1.82 21.61 23.43 OK
r-release-windows-ix86+x86_64 0.2.3 9.00 37.00 46.00 OK
r-release-osx-x86_64 0.2.3 NOTE
r-oldrel-windows-ix86+x86_64 0.2.3 6.00 34.00 40.00 OK
r-oldrel-osx-x86_64 0.2.3 NOTE

Check Details

Version: 0.2.3
Check: dependencies in R code
Result: NOTE
    Namespace in Imports field not imported from: ‘rlang’
     All declared Imports should be used.
Flavors: r-devel-linux-x86_64-fedora-clang, r-devel-linux-x86_64-fedora-gcc, r-patched-solaris-x86, r-release-osx-x86_64, r-oldrel-osx-x86_64