CRAN Package Check Results for Package utilsIPEA

Last updated on 2018-08-21 12:50:50 CEST.

Flavor Version Tinstall Tcheck Ttotal Status Flags
r-devel-linux-x86_64-debian-clang 0.0.6 2.51 36.89 39.40 OK
r-devel-linux-x86_64-debian-gcc 0.0.6 2.47 29.35 31.82 OK
r-devel-linux-x86_64-fedora-clang 0.0.6 46.65 NOTE
r-devel-linux-x86_64-fedora-gcc 0.0.6 44.05 NOTE
r-devel-windows-ix86+x86_64 0.0.6 8.00 71.00 79.00 OK
r-patched-linux-x86_64 0.0.6 2.02 31.23 33.25 OK
r-patched-solaris-x86 0.0.6 68.90 NOTE
r-release-linux-x86_64 0.0.6 2.22 31.03 33.25 OK
r-release-windows-ix86+x86_64 0.0.6 8.00 94.00 102.00 OK
r-release-osx-x86_64 0.0.6 NOTE
r-oldrel-windows-ix86+x86_64 0.0.6 5.00 71.00 76.00 OK
r-oldrel-osx-x86_64 0.0.6 NOTE

Check Details

Version: 0.0.6
Check: dependencies in R code
Result: NOTE
    Namespaces in Imports field not imported from:
     ‘RCurl’ ‘stringdist’ ‘utils’
     All declared Imports should be used.
Flavors: r-devel-linux-x86_64-fedora-clang, r-devel-linux-x86_64-fedora-gcc, r-patched-solaris-x86, r-release-osx-x86_64, r-oldrel-osx-x86_64