CRAN Package Check Results for Package utilsIPEA

Last updated on 2018-02-19 01:46:52 CET.

Flavor Version Tinstall Tcheck Ttotal Status Flags
r-devel-linux-x86_64-debian-clang 0.0.5 1.99 34.36 36.35 ERROR
r-devel-linux-x86_64-debian-gcc 0.0.5 2.01 30.29 32.30 ERROR
r-devel-linux-x86_64-fedora-clang 0.0.5 69.25 OK
r-devel-linux-x86_64-fedora-gcc 0.0.5 65.23 OK
r-devel-windows-ix86+x86_64 0.0.5 5.00 72.00 77.00 OK
r-patched-linux-x86_64 0.0.5 1.84 39.29 41.13 ERROR
r-patched-solaris-x86 0.0.5 104.10 OK
r-release-linux-x86_64 0.0.5 1.92 39.00 40.92 ERROR
r-release-windows-ix86+x86_64 0.0.5 13.00 92.00 105.00 OK
r-release-osx-x86_64 0.0.5 OK
r-oldrel-windows-ix86+x86_64 0.0.5 7.00 86.00 93.00 OK
r-oldrel-osx-x86_64 0.0.5 OK

Check Details

Version: 0.0.5
Check: tests
Result: ERROR
     Running ‘testthat.R’ [6s/9s]
    Running the tests in ‘tests/testthat.R’ failed.
    Complete output:
     > library(testthat)
     > library(utilsIPEA)
     >
     > test_check("utilsIPEA")
     [1] "Downloading source data..."
     ── 1. Error: nomes proprios (@test_extrai_nome_proprio.R#4) ───────────────────
     cannot open the connection
     1: extrai_NomeProprio(nomes) at testthat/test_extrai_nome_proprio.R:4
     2: write.table(url_base, file.path(dir_base, "name_gender.csv"), sep = ",", quote = FALSE)
     3: file(file, ifelse(append, "a", "w"))
    
     [1] "Downloading source data..."
     ── 2. Error: nomes proprios com sexo e sobrenome (@test_extrai_nome_proprio.R#12
     cannot open the connection
     1: extrai_NomeProprio(nomes, gender = TRUE, surname = TRUE) at testthat/test_extrai_nome_proprio.R:12
     2: write.table(url_base, file.path(dir_base, "name_gender.csv"), sep = ",", quote = FALSE)
     3: file(file, ifelse(append, "a", "w"))
    
     [1] "Downloading source data..."
     ── 3. Error: nomes proprios sem sobrenome, sem sexo e sem stringdist (@test_extr
     cannot open the connection
     1: extrai_NomeProprio(nomes, surname = FALSE, spaces = FALSE, stringdist = FALSE) at testthat/test_extrai_nome_proprio.R:21
     2: write.table(url_base, file.path(dir_base, "name_gender.csv"), sep = ",", quote = FALSE)
     3: file(file, ifelse(append, "a", "w"))
    
     [1] "Downloading source data..."
     ── 4. Error: nomes proprios sem espaços e com sobrenome (@test_extrai_nome_propr
     cannot open the connection
     1: extrai_NomeProprio(nomes, surname = TRUE, spaces = FALSE, stringdist = FALSE) at testthat/test_extrai_nome_proprio.R:29
     2: write.table(url_base, file.path(dir_base, "name_gender.csv"), sep = ",", quote = FALSE)
     3: file(file, ifelse(append, "a", "w"))
    
     ══ testthat results ═══════════════════════════════════════════════════════════
     OK: 18 SKIPPED: 0 FAILED: 4
     1. Error: nomes proprios (@test_extrai_nome_proprio.R#4)
     2. Error: nomes proprios com sexo e sobrenome (@test_extrai_nome_proprio.R#12)
     3. Error: nomes proprios sem sobrenome, sem sexo e sem stringdist (@test_extrai_nome_proprio.R#21)
     4. Error: nomes proprios sem espaços e com sobrenome (@test_extrai_nome_proprio.R#29)
    
     Error: testthat unit tests failed
     Execution halted
Flavor: r-devel-linux-x86_64-debian-clang

Version: 0.0.5
Check: tests
Result: ERROR
     Running ‘testthat.R’ [4s/11s]
    Running the tests in ‘tests/testthat.R’ failed.
    Complete output:
     > library(testthat)
     > library(utilsIPEA)
     >
     > test_check("utilsIPEA")
     [1] "Downloading source data..."
     ── 1. Error: nomes proprios (@test_extrai_nome_proprio.R#4) ───────────────────
     cannot open the connection
     1: extrai_NomeProprio(nomes) at testthat/test_extrai_nome_proprio.R:4
     2: write.table(url_base, file.path(dir_base, "name_gender.csv"), sep = ",", quote = FALSE)
     3: file(file, ifelse(append, "a", "w"))
    
     [1] "Downloading source data..."
     ── 2. Error: nomes proprios com sexo e sobrenome (@test_extrai_nome_proprio.R#12
     cannot open the connection
     1: extrai_NomeProprio(nomes, gender = TRUE, surname = TRUE) at testthat/test_extrai_nome_proprio.R:12
     2: write.table(url_base, file.path(dir_base, "name_gender.csv"), sep = ",", quote = FALSE)
     3: file(file, ifelse(append, "a", "w"))
    
     [1] "Downloading source data..."
     ── 3. Error: nomes proprios sem sobrenome, sem sexo e sem stringdist (@test_extr
     cannot open the connection
     1: extrai_NomeProprio(nomes, surname = FALSE, spaces = FALSE, stringdist = FALSE) at testthat/test_extrai_nome_proprio.R:21
     2: write.table(url_base, file.path(dir_base, "name_gender.csv"), sep = ",", quote = FALSE)
     3: file(file, ifelse(append, "a", "w"))
    
     [1] "Downloading source data..."
     ── 4. Error: nomes proprios sem espaços e com sobrenome (@test_extrai_nome_propr
     cannot open the connection
     1: extrai_NomeProprio(nomes, surname = TRUE, spaces = FALSE, stringdist = FALSE) at testthat/test_extrai_nome_proprio.R:29
     2: write.table(url_base, file.path(dir_base, "name_gender.csv"), sep = ",", quote = FALSE)
     3: file(file, ifelse(append, "a", "w"))
    
     ══ testthat results ═══════════════════════════════════════════════════════════
     OK: 18 SKIPPED: 0 FAILED: 4
     1. Error: nomes proprios (@test_extrai_nome_proprio.R#4)
     2. Error: nomes proprios com sexo e sobrenome (@test_extrai_nome_proprio.R#12)
     3. Error: nomes proprios sem sobrenome, sem sexo e sem stringdist (@test_extrai_nome_proprio.R#21)
     4. Error: nomes proprios sem espaços e com sobrenome (@test_extrai_nome_proprio.R#29)
    
     Error: testthat unit tests failed
     Execution halted
Flavor: r-devel-linux-x86_64-debian-gcc

Version: 0.0.5
Check: tests
Result: ERROR
     Running ‘testthat.R’ [7s/12s]
    Running the tests in ‘tests/testthat.R’ failed.
    Complete output:
     > library(testthat)
     > library(utilsIPEA)
     >
     > test_check("utilsIPEA")
     [1] "Downloading source data..."
     ── 1. Error: nomes proprios (@test_extrai_nome_proprio.R#4) ───────────────────
     cannot open the connection
     1: extrai_NomeProprio(nomes) at testthat/test_extrai_nome_proprio.R:4
     2: write.table(url_base, file.path(dir_base, "name_gender.csv"), sep = ",", quote = FALSE)
     3: file(file, ifelse(append, "a", "w"))
    
     [1] "Downloading source data..."
     ── 2. Error: nomes proprios com sexo e sobrenome (@test_extrai_nome_proprio.R#12
     cannot open the connection
     1: extrai_NomeProprio(nomes, gender = TRUE, surname = TRUE) at testthat/test_extrai_nome_proprio.R:12
     2: write.table(url_base, file.path(dir_base, "name_gender.csv"), sep = ",", quote = FALSE)
     3: file(file, ifelse(append, "a", "w"))
    
     [1] "Downloading source data..."
     ── 3. Error: nomes proprios sem sobrenome, sem sexo e sem stringdist (@test_extr
     cannot open the connection
     1: extrai_NomeProprio(nomes, surname = FALSE, spaces = FALSE, stringdist = FALSE) at testthat/test_extrai_nome_proprio.R:21
     2: write.table(url_base, file.path(dir_base, "name_gender.csv"), sep = ",", quote = FALSE)
     3: file(file, ifelse(append, "a", "w"))
    
     [1] "Downloading source data..."
     ── 4. Error: nomes proprios sem espaços e com sobrenome (@test_extrai_nome_propr
     cannot open the connection
     1: extrai_NomeProprio(nomes, surname = TRUE, spaces = FALSE, stringdist = FALSE) at testthat/test_extrai_nome_proprio.R:29
     2: write.table(url_base, file.path(dir_base, "name_gender.csv"), sep = ",", quote = FALSE)
     3: file(file, ifelse(append, "a", "w"))
    
     ══ testthat results ═══════════════════════════════════════════════════════════
     OK: 18 SKIPPED: 0 FAILED: 4
     1. Error: nomes proprios (@test_extrai_nome_proprio.R#4)
     2. Error: nomes proprios com sexo e sobrenome (@test_extrai_nome_proprio.R#12)
     3. Error: nomes proprios sem sobrenome, sem sexo e sem stringdist (@test_extrai_nome_proprio.R#21)
     4. Error: nomes proprios sem espaços e com sobrenome (@test_extrai_nome_proprio.R#29)
    
     Error: testthat unit tests failed
     Execution halted
Flavor: r-patched-linux-x86_64

Version: 0.0.5
Check: tests
Result: ERROR
     Running ‘testthat.R’ [6s/12s]
    Running the tests in ‘tests/testthat.R’ failed.
    Complete output:
     > library(testthat)
     > library(utilsIPEA)
     >
     > test_check("utilsIPEA")
     [1] "Downloading source data..."
     ── 1. Error: nomes proprios (@test_extrai_nome_proprio.R#4) ───────────────────
     cannot open the connection
     1: extrai_NomeProprio(nomes) at testthat/test_extrai_nome_proprio.R:4
     2: write.table(url_base, file.path(dir_base, "name_gender.csv"), sep = ",", quote = FALSE)
     3: file(file, ifelse(append, "a", "w"))
    
     [1] "Downloading source data..."
     ── 2. Error: nomes proprios com sexo e sobrenome (@test_extrai_nome_proprio.R#12
     cannot open the connection
     1: extrai_NomeProprio(nomes, gender = TRUE, surname = TRUE) at testthat/test_extrai_nome_proprio.R:12
     2: write.table(url_base, file.path(dir_base, "name_gender.csv"), sep = ",", quote = FALSE)
     3: file(file, ifelse(append, "a", "w"))
    
     [1] "Downloading source data..."
     ── 3. Error: nomes proprios sem sobrenome, sem sexo e sem stringdist (@test_extr
     cannot open the connection
     1: extrai_NomeProprio(nomes, surname = FALSE, spaces = FALSE, stringdist = FALSE) at testthat/test_extrai_nome_proprio.R:21
     2: write.table(url_base, file.path(dir_base, "name_gender.csv"), sep = ",", quote = FALSE)
     3: file(file, ifelse(append, "a", "w"))
    
     [1] "Downloading source data..."
     ── 4. Error: nomes proprios sem espaços e com sobrenome (@test_extrai_nome_propr
     cannot open the connection
     1: extrai_NomeProprio(nomes, surname = TRUE, spaces = FALSE, stringdist = FALSE) at testthat/test_extrai_nome_proprio.R:29
     2: write.table(url_base, file.path(dir_base, "name_gender.csv"), sep = ",", quote = FALSE)
     3: file(file, ifelse(append, "a", "w"))
    
     ══ testthat results ═══════════════════════════════════════════════════════════
     OK: 18 SKIPPED: 0 FAILED: 4
     1. Error: nomes proprios (@test_extrai_nome_proprio.R#4)
     2. Error: nomes proprios com sexo e sobrenome (@test_extrai_nome_proprio.R#12)
     3. Error: nomes proprios sem sobrenome, sem sexo e sem stringdist (@test_extrai_nome_proprio.R#21)
     4. Error: nomes proprios sem espaços e com sobrenome (@test_extrai_nome_proprio.R#29)
    
     Error: testthat unit tests failed
     Execution halted
Flavor: r-release-linux-x86_64