CRAN Package Check Results for Package utilsIPEA

Last updated on 2024-02-28 08:54:46 CET.

Flavor Version Tinstall Tcheck Ttotal Status Flags
r-devel-linux-x86_64-debian-clang 0.0.6 5.51 46.99 52.50 OK
r-devel-linux-x86_64-debian-gcc 0.0.6 4.20 35.39 39.59 OK
r-devel-linux-x86_64-fedora-clang 0.0.6 65.17 NOTE
r-devel-linux-x86_64-fedora-gcc 0.0.6 62.10 NOTE
r-devel-windows-x86_64 0.0.6 6.00 55.00 61.00 OK
r-patched-linux-x86_64 0.0.6 4.34 45.47 49.81 OK
r-release-linux-x86_64 0.0.6 4.78 44.67 49.45 OK
r-release-macos-arm64 0.0.6 24.00 OK
r-release-macos-x86_64 0.0.6 34.00 OK
r-release-windows-x86_64 0.0.6 10.00 61.00 71.00 OK
r-oldrel-macos-arm64 0.0.6 22.00 NOTE
r-oldrel-windows-x86_64 0.0.6 8.00 63.00 71.00 OK

Check Details

Version: 0.0.6
Check: dependencies in R code
Result: NOTE Namespaces in Imports field not imported from: ‘RCurl’ ‘stringdist’ ‘utils’ All declared Imports should be used. Flavors: r-devel-linux-x86_64-fedora-clang, r-devel-linux-x86_64-fedora-gcc, r-oldrel-macos-arm64