CRAN Package Check Results for Package utilsIPEA

Last updated on 2018-11-17 12:51:45 CET.

Flavor Version Tinstall Tcheck Ttotal Status Flags
r-devel-linux-x86_64-debian-clang 0.0.6 2.17 33.58 35.75 OK
r-devel-linux-x86_64-debian-gcc 0.0.6 2.07 26.99 29.06 OK
r-devel-linux-x86_64-fedora-clang 0.0.6 47.12 NOTE
r-devel-linux-x86_64-fedora-gcc 0.0.6 40.17 NOTE
r-devel-windows-ix86+x86_64 0.0.6 7.00 75.00 82.00 OK
r-patched-linux-x86_64 0.0.6 1.59 31.13 32.72 OK
r-patched-solaris-x86 0.0.6 66.50 NOTE
r-release-linux-x86_64 0.0.6 2.55 31.18 33.73 OK
r-release-windows-ix86+x86_64 0.0.6 2.00 5.00 7.00 OK
r-release-osx-x86_64 0.0.6 NOTE
r-oldrel-windows-ix86+x86_64 0.0.6 8.00 69.00 77.00 OK
r-oldrel-osx-x86_64 0.0.6 NOTE

Check Details

Version: 0.0.6
Check: dependencies in R code
Result: NOTE
    Namespaces in Imports field not imported from:
     ‘RCurl’ ‘stringdist’ ‘utils’
     All declared Imports should be used.
Flavors: r-devel-linux-x86_64-fedora-clang, r-devel-linux-x86_64-fedora-gcc, r-patched-solaris-x86, r-release-osx-x86_64, r-oldrel-osx-x86_64