Last updated on 2021-02-25 10:47:51 CET.
Flavor | Version | Tinstall | Tcheck | Ttotal | Status | Flags |
---|---|---|---|---|---|---|
r-devel-linux-x86_64-debian-clang | 0.0.6 | 3.90 | 45.87 | 49.77 | OK | |
r-devel-linux-x86_64-debian-gcc | 0.0.6 | 3.29 | 34.34 | 37.63 | OK | |
r-devel-linux-x86_64-fedora-clang | 0.0.6 | 68.65 | NOTE | |||
r-devel-linux-x86_64-fedora-gcc | 0.0.6 | 55.14 | NOTE | |||
r-devel-windows-ix86+x86_64 | 0.0.6 | 9.00 | 50.00 | 59.00 | OK | |
r-patched-linux-x86_64 | 0.0.6 | 4.21 | 42.69 | 46.90 | OK | |
r-patched-solaris-x86 | 0.0.6 | 92.30 | NOTE | |||
r-release-linux-x86_64 | 0.0.6 | 4.13 | 42.92 | 47.05 | OK | |
r-release-macos-x86_64 | 0.0.6 | NOTE | ||||
r-release-windows-ix86+x86_64 | 0.0.6 | 11.00 | 65.00 | 76.00 | OK | |
r-oldrel-macos-x86_64 | 0.0.6 | NOTE | ||||
r-oldrel-windows-ix86+x86_64 | 0.0.6 | 8.00 | 58.00 | 66.00 | OK |
Version: 0.0.6
Check: dependencies in R code
Result: NOTE
Namespaces in Imports field not imported from:
‘RCurl’ ‘stringdist’ ‘utils’
All declared Imports should be used.
Flavors: r-devel-linux-x86_64-fedora-clang, r-devel-linux-x86_64-fedora-gcc, r-patched-solaris-x86, r-release-macos-x86_64, r-oldrel-macos-x86_64