CRAN Package Check Results for Package utilsIPEA

Last updated on 2018-05-21 00:50:27 CEST.

Flavor Version Tinstall Tcheck Ttotal Status Flags
r-devel-linux-x86_64-debian-clang 0.0.6 2.28 31.21 33.49 OK
r-devel-linux-x86_64-debian-gcc 0.0.6 2.08 27.82 29.90 OK
r-devel-linux-x86_64-fedora-clang 0.0.6 44.40 NOTE
r-devel-linux-x86_64-fedora-gcc 0.0.6 41.87 NOTE
r-devel-windows-ix86+x86_64 0.0.6 5.00 69.00 74.00 OK
r-patched-linux-x86_64 0.0.6 2.05 30.11 32.16 OK
r-patched-solaris-x86 0.0.6 65.60 NOTE
r-release-linux-x86_64 0.0.6 2.15 29.79 31.94 OK
r-release-windows-ix86+x86_64 0.0.6 5.00 46.00 51.00 OK
r-release-osx-x86_64 0.0.6 NOTE
r-oldrel-windows-ix86+x86_64 0.0.6 5.00 41.00 46.00 OK
r-oldrel-osx-x86_64 0.0.6 NOTE

Check Details

Version: 0.0.6
Check: dependencies in R code
Result: NOTE
    Namespaces in Imports field not imported from:
     ‘RCurl’ ‘stringdist’ ‘utils’
     All declared Imports should be used.
Flavors: r-devel-linux-x86_64-fedora-clang, r-devel-linux-x86_64-fedora-gcc, r-patched-solaris-x86, r-release-osx-x86_64, r-oldrel-osx-x86_64