CRAN Package Check Results for Package utilsIPEA

Last updated on 2019-02-16 12:53:26 CET.

Flavor Version Tinstall Tcheck Ttotal Status Flags
r-devel-linux-x86_64-debian-clang 0.0.6 3.02 34.48 37.50 OK
r-devel-linux-x86_64-debian-gcc 0.0.6 2.38 26.98 29.36 OK
r-devel-linux-x86_64-fedora-clang 0.0.6 46.96 NOTE
r-devel-linux-x86_64-fedora-gcc 0.0.6 41.68 NOTE
r-devel-windows-ix86+x86_64 0.0.6 8.00 75.00 83.00 OK
r-patched-linux-x86_64 0.0.6 2.22 31.93 34.15 OK
r-patched-solaris-x86 0.0.6 68.20 NOTE
r-release-linux-x86_64 0.0.6 OK
r-release-windows-ix86+x86_64 0.0.6 4.00 76.00 80.00 OK
r-release-osx-x86_64 0.0.6 NOTE
r-oldrel-windows-ix86+x86_64 0.0.6 13.00 67.00 80.00 OK
r-oldrel-osx-x86_64 0.0.6 NOTE

Check Details

Version: 0.0.6
Check: dependencies in R code
Result: NOTE
    Namespaces in Imports field not imported from:
     ‘RCurl’ ‘stringdist’ ‘utils’
     All declared Imports should be used.
Flavors: r-devel-linux-x86_64-fedora-clang, r-devel-linux-x86_64-fedora-gcc, r-patched-solaris-x86, r-release-osx-x86_64, r-oldrel-osx-x86_64