CRAN Package Check Results for Package utiml

Last updated on 2018-02-20 19:48:44 CET.

Flavor Version Tinstall Tcheck Ttotal Status Flags
r-devel-linux-x86_64-debian-clang 0.1.3 6.06 98.10 104.16 OK
r-devel-linux-x86_64-debian-gcc 0.1.3 6.22 75.72 81.94 OK
r-devel-linux-x86_64-fedora-clang 0.1.3 125.31 OK
r-devel-linux-x86_64-fedora-gcc 0.1.3 121.17 OK
r-devel-windows-ix86+x86_64 0.1.3 11.00 99.00 110.00 OK
r-patched-linux-x86_64 0.1.3 3.27 109.21 112.48 OK
r-patched-solaris-x86 0.1.3 124.90 ERROR
r-release-linux-x86_64 0.1.3 3.50 105.64 109.14 OK
r-release-windows-ix86+x86_64 0.1.3 12.00 148.00 160.00 OK
r-release-osx-x86_64 0.1.3 OK
r-oldrel-windows-ix86+x86_64 0.1.3 13.00 139.00 152.00 OK
r-oldrel-osx-x86_64 0.1.3 OK

Check Details

Version: 0.1.3
Check: package dependencies
Result: NOTE
    Packages suggested but not available for checking: ‘FSelector’ ‘RWeka’
Flavor: r-patched-solaris-x86

Version: 0.1.3
Check: Rd cross-references
Result: NOTE
    Package unavailable to check Rd xrefs: ‘FSelector’
Flavor: r-patched-solaris-x86

Version: 0.1.3
Check: examples
Result: ERROR
    Running examples in ‘utiml-Ex.R’ failed
    The error most likely occurred in:
    
    > ### Name: ctrl
    > ### Title: CTRL model for multi-label Classification
    > ### Aliases: ctrl
    >
    > ### ** Examples
    >
    > model <- ctrl(toyml, "RANDOM")
    Error in ctrl(toyml, "RANDOM") :
     There are no installed package 'FSelector' to use CTRL multi-label classifier
    Execution halted
Flavor: r-patched-solaris-x86

Version: 0.1.3
Check: tests
Result: ERROR
     Running ‘testthat.R’ [21s/26s]
    Running the tests in ‘tests/testthat.R’ failed.
    Complete output:
     > library(testthat)
     > library(utiml)
     Loading required package: mldr
     >
     > test_check("utiml")
     ── 1. Error: CTRL (@test_brclassifiers.R#94) ──────────────────────────────────
     There are no installed package 'FSelector' to use CTRL multi-label classifier
     1: ctrl(train, "RANDOM") at testthat/test_brclassifiers.R:94
     2: stop(paste("There are no installed package 'FSelector' to use CTRL", "multi-label classifier"))
    
     ══ testthat results ═══════════════════════════════════════════════════════════
     OK: 1061 SKIPPED: 21 FAILED: 1
     1. Error: CTRL (@test_brclassifiers.R#94)
    
     Error: testthat unit tests failed
     Execution halted
Flavor: r-patched-solaris-x86