CRAN Package Check Results for Package utiml

Last updated on 2019-01-24 04:52:00 CET.

Flavor Version Tinstall Tcheck Ttotal Status Flags
r-devel-linux-x86_64-debian-clang 0.1.4 6.35 122.93 129.28 OK
r-devel-linux-x86_64-debian-gcc 0.1.4 5.64 91.74 97.38 OK
r-devel-linux-x86_64-fedora-clang 0.1.4 138.80 OK
r-devel-linux-x86_64-fedora-gcc 0.1.4 129.96 OK
r-devel-windows-ix86+x86_64 0.1.4 16.00 230.00 246.00 OK
r-patched-linux-x86_64 0.1.4 7.07 114.88 121.95 OK
r-patched-solaris-x86 0.1.4 188.00 ERROR
r-release-linux-x86_64 0.1.4 7.85 115.79 123.64 OK
r-release-windows-ix86+x86_64 0.1.4 12.00 137.00 149.00 OK
r-release-osx-x86_64 0.1.4 OK
r-oldrel-windows-ix86+x86_64 0.1.4 11.00 185.00 196.00 OK
r-oldrel-osx-x86_64 0.1.4 OK

Check Details

Version: 0.1.4
Check: package dependencies
Result: NOTE
    Packages suggested but not available for checking: ‘FSelector’ ‘RWeka’
Flavor: r-patched-solaris-x86

Version: 0.1.4
Check: Rd cross-references
Result: NOTE
    Package unavailable to check Rd xrefs: ‘FSelector’
Flavor: r-patched-solaris-x86

Version: 0.1.4
Check: examples
Result: ERROR
    Running examples in ‘utiml-Ex.R’ failed
    The error most likely occurred in:
    
    > ### Name: ctrl
    > ### Title: CTRL model for multi-label Classification
    > ### Aliases: ctrl
    >
    > ### ** Examples
    >
    > model <- ctrl(toyml, "RANDOM")
    Error in ctrl(toyml, "RANDOM") :
     There are no installed package 'FSelector' to use CTRL multi-label classifier
    Execution halted
Flavor: r-patched-solaris-x86

Version: 0.1.4
Check: tests
Result: ERROR
     Running ‘testthat.R’ [28s/35s]
    Running the tests in ‘tests/testthat.R’ failed.
    Complete output:
     > library(testthat)
     > library(utiml)
     Loading required package: mldr
     Loading required package: parallel
     >
     > test_check("utiml")
     ── 1. Error: CTRL (@test_brclassifiers.R#94) ──────────────────────────────────
     There are no installed package 'FSelector' to use CTRL multi-label classifier
     1: ctrl(train, "RANDOM") at testthat/test_brclassifiers.R:94
     2: stop(paste("There are no installed package 'FSelector' to use CTRL", "multi-label classifier"))
    
     ══ testthat results ═══════════════════════════════════════════════════════════
     OK: 1120 SKIPPED: 21 FAILED: 1
     1. Error: CTRL (@test_brclassifiers.R#94)
    
     Error: testthat unit tests failed
     Execution halted
Flavor: r-patched-solaris-x86