CRAN Package Check Results for Package utiml

Last updated on 2018-08-17 13:46:47 CEST.

Flavor Version Tinstall Tcheck Ttotal Status Flags
r-devel-linux-x86_64-debian-clang 0.1.4 7.47 122.44 129.91 OK
r-devel-linux-x86_64-debian-gcc 0.1.4 6.82 95.47 102.29 OK
r-devel-linux-x86_64-fedora-clang 0.1.4 149.61 OK
r-devel-linux-x86_64-fedora-gcc 0.1.4 150.36 OK
r-devel-windows-ix86+x86_64 0.1.4 16.00 169.00 185.00 OK
r-patched-linux-x86_64 0.1.4 5.78 114.97 120.75 OK
r-patched-solaris-x86 0.1.4 165.70 ERROR
r-release-linux-x86_64 0.1.4 6.03 116.10 122.13 OK
r-release-windows-ix86+x86_64 0.1.4 11.00 174.00 185.00 OK
r-release-osx-x86_64 0.1.4 OK
r-oldrel-windows-ix86+x86_64 0.1.4 12.00 177.00 189.00 OK
r-oldrel-osx-x86_64 0.1.4 OK

Check Details

Version: 0.1.4
Check: package dependencies
Result: NOTE
    Packages suggested but not available for checking: ‘FSelector’ ‘RWeka’
Flavor: r-patched-solaris-x86

Version: 0.1.4
Check: Rd cross-references
Result: NOTE
    Package unavailable to check Rd xrefs: ‘FSelector’
Flavor: r-patched-solaris-x86

Version: 0.1.4
Check: examples
Result: ERROR
    Running examples in ‘utiml-Ex.R’ failed
    The error most likely occurred in:
    
    > ### Name: ctrl
    > ### Title: CTRL model for multi-label Classification
    > ### Aliases: ctrl
    >
    > ### ** Examples
    >
    > model <- ctrl(toyml, "RANDOM")
    Error in ctrl(toyml, "RANDOM") :
     There are no installed package 'FSelector' to use CTRL multi-label classifier
    Execution halted
Flavor: r-patched-solaris-x86

Version: 0.1.4
Check: tests
Result: ERROR
     Running ‘testthat.R’ [21s/27s]
    Running the tests in ‘tests/testthat.R’ failed.
    Complete output:
     > library(testthat)
     > library(utiml)
     Loading required package: mldr
     Loading required package: parallel
     >
     > test_check("utiml")
     ── 1. Error: CTRL (@test_brclassifiers.R#94) ──────────────────────────────────
     There are no installed package 'FSelector' to use CTRL multi-label classifier
     1: ctrl(train, "RANDOM") at testthat/test_brclassifiers.R:94
     2: stop(paste("There are no installed package 'FSelector' to use CTRL", "multi-label classifier"))
    
     ══ testthat results ═══════════════════════════════════════════════════════════
     OK: 1120 SKIPPED: 21 FAILED: 1
     1. Error: CTRL (@test_brclassifiers.R#94)
    
     Error: testthat unit tests failed
     Execution halted
Flavor: r-patched-solaris-x86