CRAN Package Check Results for Package uuid

Last updated on 2019-08-22 11:47:42 CEST.

Flavor Version Tinstall Tcheck Ttotal Status Flags
r-devel-linux-x86_64-debian-clang 0.1-2 7.15 17.83 24.98 NOTE
r-devel-linux-x86_64-debian-gcc 0.1-2 4.24 14.83 19.07 NOTE
r-devel-linux-x86_64-fedora-clang 0.1-2 32.20 NOTE
r-devel-linux-x86_64-fedora-gcc 0.1-2 29.40 NOTE
r-devel-windows-ix86+x86_64 0.1-2 50.00 85.00 135.00 NOTE
r-patched-linux-x86_64 0.1-2 4.50 17.92 22.42 NOTE
r-patched-solaris-x86 0.1-2 42.10 NOTE
r-release-linux-x86_64 0.1-2 4.47 18.18 22.65 NOTE
r-release-windows-ix86+x86_64 0.1-2 15.00 45.00 60.00 NOTE
r-release-osx-x86_64 0.1-2 NOTE
r-oldrel-windows-ix86+x86_64 0.1-2 15.00 31.00 46.00 NOTE
r-oldrel-osx-x86_64 0.1-2 NOTE

Additional issues

clang-UBSAN

Check Details

Version: 0.1-2
Check: compiled code
Result: NOTE
    File 'uuid/libs/uuid.so':
     Found 'rand', possibly from 'rand' (C)
     Object: 'gen_uuid.o'
     Found 'srand', possibly from 'srand' (C)
     Object: 'gen_uuid.o'
    
    Compiled code should not call entry points which might terminate R nor
    write to stdout/stderr instead of to the console, nor use Fortran I/O
    nor system RNGs.
    
    See 'Writing portable packages' in the 'Writing R Extensions' manual.
Flavors: r-devel-linux-x86_64-debian-clang, r-devel-linux-x86_64-debian-gcc, r-patched-linux-x86_64, r-patched-solaris-x86, r-release-linux-x86_64

Version: 0.1-2
Check: compiled code
Result: NOTE
    File ‘uuid/libs/uuid.so’:
     Found ‘rand’, possibly from ‘rand’ (C)
     Object: ‘gen_uuid.o’
     Found ‘srand’, possibly from ‘srand’ (C)
     Object: ‘gen_uuid.o’
    File ‘uuid/libs/uuid.so’:
     Found no calls to: ‘R_registerRoutines’, ‘R_useDynamicSymbols’
    
    Compiled code should not call entry points which might terminate R nor
    write to stdout/stderr instead of to the console, nor use Fortran I/O
    nor system RNGs.
    It is good practice to register native routines and to disable symbol
    search.
    
    See ‘Writing portable packages’ in the ‘Writing R Extensions’ manual.
Flavors: r-devel-linux-x86_64-fedora-clang, r-devel-linux-x86_64-fedora-gcc

Version: 0.1-2
Check: compiled code
Result: NOTE
    File 'uuid/libs/i386/uuid.dll':
     Found 'rand', possibly from 'rand' (C)
     Object: 'gen_uuid.o'
     Found 'srand', possibly from 'srand' (C)
     Object: 'gen_uuid.o'
    File 'uuid/libs/x64/uuid.dll':
     Found 'rand', possibly from 'rand' (C)
     Object: 'gen_uuid.o'
     Found 'srand', possibly from 'srand' (C)
     Object: 'gen_uuid.o'
    
    Compiled code should not call entry points which might terminate R nor
    write to stdout/stderr instead of to the console, nor use Fortran I/O
    nor system RNGs.
    
    See 'Writing portable packages' in the 'Writing R Extensions' manual.
Flavors: r-devel-windows-ix86+x86_64, r-release-windows-ix86+x86_64, r-oldrel-windows-ix86+x86_64

Version: 0.1-2
Check: compiled code
Result: NOTE
    File ‘uuid/libs/uuid.so’:
     Found ‘_rand’, possibly from ‘rand’ (C)
     Object: ‘gen_uuid.o’
     Found ‘_srand’, possibly from ‘srand’ (C)
     Object: ‘gen_uuid.o’
    
    Compiled code should not call entry points which might terminate R nor
    write to stdout/stderr instead of to the console, nor use Fortran I/O
    nor system RNGs.
    
    See ‘Writing portable packages’ in the ‘Writing R Extensions’ manual.
Flavors: r-release-osx-x86_64, r-oldrel-osx-x86_64