Last updated on 2023-12-07 08:53:36 CET.
Flavor | Version | Tinstall | Tcheck | Ttotal | Status | Flags |
---|---|---|---|---|---|---|
r-devel-linux-x86_64-debian-clang | 1.1-1 | 11.64 | 22.14 | 33.78 | OK | |
r-devel-linux-x86_64-debian-gcc | 1.1-1 | 7.24 | 17.57 | 24.81 | OK | |
r-devel-linux-x86_64-fedora-clang | 1.1-1 | 42.57 | OK | |||
r-devel-linux-x86_64-fedora-gcc | 1.1-1 | 41.81 | OK | |||
r-devel-windows-x86_64 | 1.1-1 | 16.00 | 38.00 | 54.00 | WARN | |
r-patched-linux-x86_64 | 1.1-1 | 9.41 | 22.27 | 31.68 | OK | |
r-release-linux-x86_64 | 1.1-1 | 8.68 | 22.24 | 30.92 | OK | |
r-release-macos-arm64 | 1.1-1 | 30.00 | OK | |||
r-release-macos-x86_64 | 1.1-1 | 70.00 | OK | |||
r-release-windows-x86_64 | 1.1-1 | 16.00 | 37.00 | 53.00 | WARN | |
r-oldrel-macos-arm64 | 1.1-1 | 29.00 | OK | |||
r-oldrel-macos-x86_64 | 1.1-1 | 53.00 | OK | |||
r-oldrel-windows-x86_64 | 1.1-1 | 14.00 | 41.00 | 55.00 | OK |
Version: 1.1-1
Check: whether package can be installed
Result: WARN
Found the following significant warnings:
randutils.c:60:12: warning: function declaration isn't a prototype [-Wstrict-prototypes]
See 'd:/Rcompile/CRANpkg/local/4.4/uuid.Rcheck/00install.out' for details.
* used C compiler: 'gcc.exe (GCC) 12.3.0'
Flavor: r-devel-windows-x86_64
Version: 1.1-1
Check: whether package can be installed
Result: WARN
Found the following significant warnings:
randutils.c:60:12: warning: function declaration isn't a prototype [-Wstrict-prototypes]
See 'd:/Rcompile/CRANpkg/local/4.3/uuid.Rcheck/00install.out' for details.
* used C compiler: 'gcc.exe (GCC) 12.3.0'
Flavor: r-release-windows-x86_64