Last updated on 2023-09-26 14:05:12 CEST.
Flavor | Version | Tinstall | Tcheck | Ttotal | Status | Flags |
---|---|---|---|---|---|---|
r-devel-linux-x86_64-debian-clang | 0.1.16 | 119.90 | 224.61 | 344.51 | OK | |
r-devel-linux-x86_64-debian-gcc | 0.1.16 | 90.86 | 184.28 | 275.14 | OK | |
r-devel-linux-x86_64-fedora-clang | 0.1.16 | 422.63 | OK | |||
r-devel-linux-x86_64-fedora-gcc | 0.1.16 | 454.23 | OK | |||
r-devel-windows-x86_64 | 0.1.16 | 87.00 | 221.00 | 308.00 | OK | |
r-patched-linux-x86_64 | 0.1.16 | 124.25 | 213.73 | 337.98 | OK | |
r-release-linux-x86_64 | 0.1.16 | 124.46 | 214.76 | 339.22 | OK | |
r-release-macos-arm64 | 0.1.16 | 127.00 | NOTE | |||
r-release-macos-x86_64 | 0.1.16 | 277.00 | NOTE | |||
r-release-windows-x86_64 | 0.1.16 | 116.00 | 278.00 | 394.00 | OK | |
r-oldrel-macos-arm64 | 0.1.16 | 121.00 | NOTE | |||
r-oldrel-macos-x86_64 | 0.1.16 | 160.00 | NOTE | |||
r-oldrel-windows-x86_64 | 0.1.16 | 109.00 | 274.00 | 383.00 | OK |
Version: 0.1.16
Check: installed package size
Result: NOTE
installed size is 18.7Mb
sub-directories of 1Mb or more:
libs 18.1Mb
Flavors: r-release-macos-arm64, r-release-macos-x86_64, r-oldrel-macos-arm64, r-oldrel-macos-x86_64